{"id":28033,"date":"2026-01-18T14:09:15","date_gmt":"2026-01-18T14:09:15","guid":{"rendered":"https:\/\/rowayad.com\/?post_type=product&#038;p=28033"},"modified":"2026-02-23T16:33:41","modified_gmt":"2026-02-23T16:33:41","slug":"velo-tricycle-a-pedale-pour-enfant-de-1-a-4-ans","status":"publish","type":"product","link":"https:\/\/rowayad.com\/index.php\/produit\/velo-tricycle-a-pedale-pour-enfant-de-1-a-4-ans\/","title":{"rendered":"V\u00e9lo Tricycle \u00e0 p\u00e9dale pour enfant de 1 \u00e0 4 ans"},"content":{"rendered":"<p>Ce\u00a0<strong>magnifique tricycle<\/strong>\u00a0fera la joie de votre bambin ! Vos balades au parc seront anim\u00e9es ! Faites un tour sur le tricycle pour enfants . Ce tricycle unique est con\u00e7u pour \u00eatre la nouvelle attraction pr\u00e9f\u00e9r\u00e9e de votre enfant! Cela leur permet d&rsquo;avoir une enfance heureuse et saine. Le tricycle pour enfants grandit avec votre enfant. Les voyages pour les tout-petits offrent commodit\u00e9, confort et plaisir. Ce tricycle robuste est dot\u00e9 d&rsquo;une construction en acier. Le tricycle moto offre une conduite divertissante s\u00fbre et s\u00e9curis\u00e9e avec \u00a0des roues solides antid\u00e9rapantes, un si\u00e8ge confortable avec un dossier, des p\u00e9dales lisses et un guidon facile \u00e0 saisir.<\/p>\n","protected":false},"excerpt":{"rendered":"<ul>\n<li>Cadre en acier robuste<\/li>\n<li>Ce v\u00e9lo peut aider les enfants \u00e0 commencer \u00e0 apprendre l&rsquo;\u00e9quilibre et \u00e0 l&rsquo;am\u00e9lioration de la capacit\u00e9 de coordination du corps .<\/li>\n<li>2 p\u00e9dales antid\u00e9rapants pour faire avancer et reculer ce tricycle<\/li>\n<li>Convient aux enfants de 1 \u00e0 4 ans<\/li>\n<li>SECURE<\/li>\n<\/ul>\n","protected":false},"featured_media":28034,"comment_status":"open","ping_status":"closed","template":"","meta":{"_joinchat":[]},"product_brand":[],"product_cat":[76],"product_tag":[],"class_list":{"0":"post-28033","1":"product","2":"type-product","3":"status-publish","4":"has-post-thumbnail","6":"product_cat-enfant","8":"first","9":"instock","10":"sale","11":"shipping-taxable","12":"purchasable","13":"product-type-simple"},"jetpack_sharing_enabled":true,"_links":{"self":[{"href":"https:\/\/rowayad.com\/index.php\/wp-json\/wp\/v2\/product\/28033","targetHints":{"allow":["GET"]}}],"collection":[{"href":"https:\/\/rowayad.com\/index.php\/wp-json\/wp\/v2\/product"}],"about":[{"href":"https:\/\/rowayad.com\/index.php\/wp-json\/wp\/v2\/types\/product"}],"replies":[{"embeddable":true,"href":"https:\/\/rowayad.com\/index.php\/wp-json\/wp\/v2\/comments?post=28033"}],"version-history":[{"count":1,"href":"https:\/\/rowayad.com\/index.php\/wp-json\/wp\/v2\/product\/28033\/revisions"}],"predecessor-version":[{"id":28036,"href":"https:\/\/rowayad.com\/index.php\/wp-json\/wp\/v2\/product\/28033\/revisions\/28036"}],"wp:featuredmedia":[{"embeddable":true,"href":"https:\/\/rowayad.com\/index.php\/wp-json\/wp\/v2\/media\/28034"}],"wp:attachment":[{"href":"https:\/\/rowayad.com\/index.php\/wp-json\/wp\/v2\/media?parent=28033"}],"wp:term":[{"taxonomy":"product_brand","embeddable":true,"href":"https:\/\/rowayad.com\/index.php\/wp-json\/wp\/v2\/product_brand?post=28033"},{"taxonomy":"product_cat","embeddable":true,"href":"https:\/\/rowayad.com\/index.php\/wp-json\/wp\/v2\/product_cat?post=28033"},{"taxonomy":"product_tag","embeddable":true,"href":"https:\/\/rowayad.com\/index.php\/wp-json\/wp\/v2\/product_tag?post=28033"}],"curies":[{"name":"wp","href":"https:\/\/api.w.org\/{rel}","templated":true}]}}