{"id":28047,"date":"2026-01-18T14:40:09","date_gmt":"2026-01-18T14:40:09","guid":{"rendered":"https:\/\/rowayad.com\/?post_type=product&#038;p=28047"},"modified":"2026-02-20T17:56:29","modified_gmt":"2026-02-20T17:56:29","slug":"lit-awa-198x141x143-80","status":"publish","type":"product","link":"https:\/\/rowayad.com\/index.php\/produit\/lit-awa-198x141x143-80\/","title":{"rendered":"Lit Awa 198x141x143\/80"},"content":{"rendered":"<p>Mettez en valeur votre chambre en faisant le bon choix de vos meubles pour cr\u00e9er l&rsquo;ambiance que vous d\u00e9sirez et pour \u00eatre bien. Parmi les nombreux meubles pour chambre disponibles sur le march\u00e9, il est souvent difficile de faire le bon choix et d&rsquo;\u00eatre en totale ad\u00e9quation avec ses envies ou son budget. \u00a0 Aujourd&rsquo;hui vous avez fait le bon choix, Rowayad<\/p>\n","protected":false},"excerpt":{"rendered":"<p>Mettez en valeur votre chambre en faisant le bon choix de vos meubles pour cr\u00e9er l&rsquo;ambiance que vous d\u00e9sirez et<\/p>\n","protected":false},"featured_media":28050,"comment_status":"open","ping_status":"closed","template":"","meta":{"_joinchat":[]},"product_brand":[],"product_cat":[75],"product_tag":[],"class_list":{"0":"post-28047","1":"product","2":"type-product","3":"status-publish","4":"has-post-thumbnail","6":"product_cat-maison-bureau","8":"first","9":"instock","10":"sale","11":"shipping-taxable","12":"purchasable","13":"product-type-simple"},"jetpack_sharing_enabled":true,"_links":{"self":[{"href":"https:\/\/rowayad.com\/index.php\/wp-json\/wp\/v2\/product\/28047","targetHints":{"allow":["GET"]}}],"collection":[{"href":"https:\/\/rowayad.com\/index.php\/wp-json\/wp\/v2\/product"}],"about":[{"href":"https:\/\/rowayad.com\/index.php\/wp-json\/wp\/v2\/types\/product"}],"replies":[{"embeddable":true,"href":"https:\/\/rowayad.com\/index.php\/wp-json\/wp\/v2\/comments?post=28047"}],"version-history":[{"count":1,"href":"https:\/\/rowayad.com\/index.php\/wp-json\/wp\/v2\/product\/28047\/revisions"}],"predecessor-version":[{"id":28052,"href":"https:\/\/rowayad.com\/index.php\/wp-json\/wp\/v2\/product\/28047\/revisions\/28052"}],"wp:featuredmedia":[{"embeddable":true,"href":"https:\/\/rowayad.com\/index.php\/wp-json\/wp\/v2\/media\/28050"}],"wp:attachment":[{"href":"https:\/\/rowayad.com\/index.php\/wp-json\/wp\/v2\/media?parent=28047"}],"wp:term":[{"taxonomy":"product_brand","embeddable":true,"href":"https:\/\/rowayad.com\/index.php\/wp-json\/wp\/v2\/product_brand?post=28047"},{"taxonomy":"product_cat","embeddable":true,"href":"https:\/\/rowayad.com\/index.php\/wp-json\/wp\/v2\/product_cat?post=28047"},{"taxonomy":"product_tag","embeddable":true,"href":"https:\/\/rowayad.com\/index.php\/wp-json\/wp\/v2\/product_tag?post=28047"}],"curies":[{"name":"wp","href":"https:\/\/api.w.org\/{rel}","templated":true}]}}