{"id":28106,"date":"2026-02-20T16:43:32","date_gmt":"2026-02-20T16:43:32","guid":{"rendered":"https:\/\/rowayad.com\/?post_type=product&#038;p=28106"},"modified":"2026-02-20T16:43:32","modified_gmt":"2026-02-20T16:43:32","slug":"hachoir-a-viande-electrique-inox-3-litres-trancheuse-multifonctions","status":"publish","type":"product","link":"https:\/\/rowayad.com\/index.php\/produit\/hachoir-a-viande-electrique-inox-3-litres-trancheuse-multifonctions\/","title":{"rendered":"Hachoir \u00e0 Viande Electrique &#8211; Inox &#8211; 3 Litres &#8211; Trancheuse multifonctions"},"content":{"rendered":"<p>Ce\u00a0<b>hachoir<\/b> \u00e0 viande est un appareil tr\u00e8s important dans la cuisine, car il \u00e9vite de se mettre \u00e0 passer dans les boucheries du coin pour hacher sa viande. Grace \u00e0 lui, la t\u00e2che de faire des mets \u00e0 base de viande devient beaucoup plus ais\u00e9e. Comparativement au hachoir manuel, celui-ci permet de hacher plus vite sa viande. Il peut \u00eatre utilis\u00e9 de mani\u00e8re fr\u00e9quente et permet de hacher une quantit\u00e9 importante de viande.<\/p>\n<p><img decoding=\"async\" src=\"https:\/\/sn.jumia.is\/cms\/external\/pet\/GE944HA0ASABRNAFAMZ\/b7018d3d8da00966eda24c0509ee472c.jpg\" alt=\"image\" \/><\/p>\n<p><img decoding=\"async\" src=\"https:\/\/sn.jumia.is\/cms\/external\/pet\/GE944HA0ASABRNAFAMZ\/d89b82316eb1ce46d651550e7a41dc34.jpg\" alt=\"image\" \/><\/p>\n","protected":false},"excerpt":{"rendered":"<h2 class=\"hdr -upp -fs14 -m -pam\">Principales caract\u00e9ristiques<\/h2>\n<div class=\"markup -pam\">\n<ul>\n<li>Type de produit\u00a0: Hachoir \u00e0 viande<\/li>\n<li>\u00c9lectrique\u00a0Viande hach\u00e9e rapidement<\/li>\n<li>Acier inoxydable<\/li>\n<li>Robuste et durable<\/li>\n<li>Coupe en verre \u00e9paisse<\/li>\n<li>Capacit\u00e9 de 3 L<\/li>\n<\/ul>\n<\/div>\n","protected":false},"featured_media":28110,"comment_status":"open","ping_status":"closed","template":"","meta":{"_joinchat":[]},"product_brand":[],"product_cat":[20],"product_tag":[],"class_list":{"0":"post-28106","1":"product","2":"type-product","3":"status-publish","4":"has-post-thumbnail","6":"product_cat-accessoires","8":"first","9":"instock","10":"sale","11":"shipping-taxable","12":"purchasable","13":"product-type-simple"},"jetpack_sharing_enabled":true,"_links":{"self":[{"href":"https:\/\/rowayad.com\/index.php\/wp-json\/wp\/v2\/product\/28106","targetHints":{"allow":["GET"]}}],"collection":[{"href":"https:\/\/rowayad.com\/index.php\/wp-json\/wp\/v2\/product"}],"about":[{"href":"https:\/\/rowayad.com\/index.php\/wp-json\/wp\/v2\/types\/product"}],"replies":[{"embeddable":true,"href":"https:\/\/rowayad.com\/index.php\/wp-json\/wp\/v2\/comments?post=28106"}],"version-history":[{"count":1,"href":"https:\/\/rowayad.com\/index.php\/wp-json\/wp\/v2\/product\/28106\/revisions"}],"predecessor-version":[{"id":28111,"href":"https:\/\/rowayad.com\/index.php\/wp-json\/wp\/v2\/product\/28106\/revisions\/28111"}],"wp:featuredmedia":[{"embeddable":true,"href":"https:\/\/rowayad.com\/index.php\/wp-json\/wp\/v2\/media\/28110"}],"wp:attachment":[{"href":"https:\/\/rowayad.com\/index.php\/wp-json\/wp\/v2\/media?parent=28106"}],"wp:term":[{"taxonomy":"product_brand","embeddable":true,"href":"https:\/\/rowayad.com\/index.php\/wp-json\/wp\/v2\/product_brand?post=28106"},{"taxonomy":"product_cat","embeddable":true,"href":"https:\/\/rowayad.com\/index.php\/wp-json\/wp\/v2\/product_cat?post=28106"},{"taxonomy":"product_tag","embeddable":true,"href":"https:\/\/rowayad.com\/index.php\/wp-json\/wp\/v2\/product_tag?post=28106"}],"curies":[{"name":"wp","href":"https:\/\/api.w.org\/{rel}","templated":true}]}}