{"id":28137,"date":"2026-02-20T18:38:41","date_gmt":"2026-02-20T18:38:41","guid":{"rendered":"https:\/\/rowayad.com\/?post_type=product&#038;p=28137"},"modified":"2026-02-21T16:47:10","modified_gmt":"2026-02-21T16:47:10","slug":"une-etagere-murale-pour-salle-de-bain-etagere-de-rangement-support-de-rangement-mural","status":"publish","type":"product","link":"https:\/\/rowayad.com\/index.php\/produit\/une-etagere-murale-pour-salle-de-bain-etagere-de-rangement-support-de-rangement-mural\/","title":{"rendered":"Une \u00c9tag\u00e8re murale pour salle de bain, \u00e9tag\u00e8re de rangement, support de rangement mural"},"content":{"rendered":"<ol>\n<li>Porte accessoire, \u00c9tag\u00e8re murale en bois massif pour salle de bain, salle de bain, toilette, rangement de cosm\u00e9tiques-<\/li>\n<li>Black 40CM. La livraison effective est soumise au la premi\u00e8re image pr\u00e9vaudra ;<\/li>\n<li>En raison de trop de styles, Les autres photos sont pour r\u00e9f\u00e9rence seulement.<\/li>\n<li>Si vous avez des questions, vous pouvez \u00e9galement nous contacter. Gardez votre maison propre et bien rang\u00e9e pour gagner du temps et augmenter l&rsquo;efficacit\u00e9 ! Utilisation polyvalente<\/li>\n<li>Cette \u00e9tag\u00e8re en bois fonc\u00e9 convient \u00e0 la salle de bain et \u00e0 la cuisine mais aussi \u00e0 la d\u00e9coration de la maison dans son ensemble : couloir, salon, chambre, buanderie, bureau&#8230;Beau design et fonctionnalit\u00e9. Le design de cette \u00e9tag\u00e8re murale en bois et fer noir est tr\u00e8s chic. Le bois fonc\u00e9 avec une finition laqu\u00e9e apporte une touche chaleureuse<\/li>\n<\/ol>\n","protected":false},"excerpt":{"rendered":"<h2 class=\"hdr -upp -fs14 -m -pam\">Principales caract\u00e9ristiques<\/h2>\n<div class=\"markup -pam\">\n<p>Caract\u00e9ristiques :<\/p>\n<ul>\n<li>Mat\u00e9riaux : Aluminium de haute qualit\u00e9 + bois massif<\/li>\n<\/ul>\n<p>Imperm\u00e9able et antirouille<\/p>\n<p>Montage : Fixation murale (kit inclus)<\/p>\n<p>Couleur : Noir et bois naturel<\/p>\n<p>Style : Moderne, minimaliste<\/p>\n<p>Utilisation : Salle de bain, cuisine, entr\u00e9e<\/p>\n<\/div>\n","protected":false},"featured_media":28138,"comment_status":"open","ping_status":"closed","template":"","meta":{"_joinchat":[]},"product_brand":[],"product_cat":[20],"product_tag":[],"class_list":{"0":"post-28137","1":"product","2":"type-product","3":"status-publish","4":"has-post-thumbnail","6":"product_cat-accessoires","8":"first","9":"instock","10":"sale","11":"shipping-taxable","12":"purchasable","13":"product-type-simple"},"jetpack_sharing_enabled":true,"_links":{"self":[{"href":"https:\/\/rowayad.com\/index.php\/wp-json\/wp\/v2\/product\/28137","targetHints":{"allow":["GET"]}}],"collection":[{"href":"https:\/\/rowayad.com\/index.php\/wp-json\/wp\/v2\/product"}],"about":[{"href":"https:\/\/rowayad.com\/index.php\/wp-json\/wp\/v2\/types\/product"}],"replies":[{"embeddable":true,"href":"https:\/\/rowayad.com\/index.php\/wp-json\/wp\/v2\/comments?post=28137"}],"version-history":[{"count":2,"href":"https:\/\/rowayad.com\/index.php\/wp-json\/wp\/v2\/product\/28137\/revisions"}],"predecessor-version":[{"id":28183,"href":"https:\/\/rowayad.com\/index.php\/wp-json\/wp\/v2\/product\/28137\/revisions\/28183"}],"wp:featuredmedia":[{"embeddable":true,"href":"https:\/\/rowayad.com\/index.php\/wp-json\/wp\/v2\/media\/28138"}],"wp:attachment":[{"href":"https:\/\/rowayad.com\/index.php\/wp-json\/wp\/v2\/media?parent=28137"}],"wp:term":[{"taxonomy":"product_brand","embeddable":true,"href":"https:\/\/rowayad.com\/index.php\/wp-json\/wp\/v2\/product_brand?post=28137"},{"taxonomy":"product_cat","embeddable":true,"href":"https:\/\/rowayad.com\/index.php\/wp-json\/wp\/v2\/product_cat?post=28137"},{"taxonomy":"product_tag","embeddable":true,"href":"https:\/\/rowayad.com\/index.php\/wp-json\/wp\/v2\/product_tag?post=28137"}],"curies":[{"name":"wp","href":"https:\/\/api.w.org\/{rel}","templated":true}]}}