{"id":28147,"date":"2026-02-21T15:46:44","date_gmt":"2026-02-21T15:46:44","guid":{"rendered":"https:\/\/rowayad.com\/?post_type=product&#038;p=28147"},"modified":"2026-02-21T15:47:29","modified_gmt":"2026-02-21T15:47:29","slug":"robot-patissier-multifonction-5-litres-robot-de-cuisine-rouge-brillant-1200-w","status":"publish","type":"product","link":"https:\/\/rowayad.com\/index.php\/produit\/robot-patissier-multifonction-5-litres-robot-de-cuisine-rouge-brillant-1200-w\/","title":{"rendered":"Robot p\u00e2tissier multifonction 5 litres Robot de cuisine rouge brillant 1200 W"},"content":{"rendered":"<header class=\"-pvs -bb\">\n<h2 class=\"-fs20 -m -phm -pvxs\">D\u00e9tails<\/h2>\n<\/header>\n<div class=\"markup -mhm -pvl -oxa -sc\">\n<p>Le\u00a0<b>robot m\u00e9nager<\/b>\u00a0rouge est un v\u00e9ritable accroche-regard dans chaque cuisine.\u00a0Il est d&rsquo;une modernit\u00e9 intemporelle et peut \u00eatre utilis\u00e9 de mani\u00e8re universelle avec les accessoires fournis.<\/p>\n<p>Le robot culinaire comprend \u00e9galement un fouet, un crochet p\u00e9trisseur, un batteur, un pare-\u00e9claboussures et un couvercle de bol. Il peut m\u00e9langer uniform\u00e9ment jusqu&rsquo;\u00e0 3 kg de p\u00e2te dans le bol en acier inoxydable de 5 litres.\u00a0La protection contre les \u00e9claboussures emp\u00eache la p\u00e2te de couler et la cuisine reste propre.<br \/>\nLa p\u00e2te \u00e0 pain peut \u00e9galement \u00eatre pr\u00e9par\u00e9e avec le crochet p\u00e9trisseur.<\/p>\n<p>Avec 6 niveaux de vitesse, qui peuvent \u00eatre r\u00e9gl\u00e9s sur la commande rotative et diff\u00e9rents outils, diff\u00e9rents types de p\u00e2tes, de la p\u00e2te bris\u00e9e aux blancs d&rsquo;\u0153ufs peuvent \u00eatre m\u00e9lang\u00e9s.<\/p>\n<\/div>\n","protected":false},"excerpt":{"rendered":"<h2 class=\"hdr -upp -fs14 -m -pam\">Principales caract\u00e9ristiques<\/h2>\n<div class=\"markup -pam\">\n<ul>\n<li>P\u00e9trin puissant avec moteur extra puissant<\/li>\n<li>6 niveaux de vitesse (0\/1\/2\/3\/4\/5\/6)<\/li>\n<li>Bol en acier inoxydable de 5 litres pour environ 2,5 &#8211; 3 kg de pr\u00e9paration de p\u00e2te<\/li>\n<li>Crochet m\u00e9langeur en aluminium moul\u00e9 sous pression &#8211; m\u00eame m\u00e9langer encore plus grandes quantit\u00e9s de p\u00e2te<\/li>\n<li>crochet p\u00e9trisseur en aluminium moul\u00e9 sous pression &#8211; comme la p\u00e2te lourde, comme la p\u00e2te \u00e0 pain ou \u00e0 levure<\/li>\n<li>fouet en acier inoxydable pour les biscuits en vrac et les blancs d&rsquo;\u0153ufs a\u00e9r\u00e9s<\/li>\n<li>engrenage sp\u00e9cial robuste<\/li>\n<li>bras multifonctionnel pivotant \u00e0 35 \u00b0<\/li>\n<li>interrupteur de s\u00e9curit\u00e9 &#8211; interrupteur rotatif<\/li>\n<li>caract\u00e9ristiques sp\u00e9ciales faciles \u00e0 utiliser et \u00e0 nettoyer<\/li>\n<li>Support s\u00fbr gr\u00e2ce aux pieds ventouses<\/li>\n<li>Mandrin \u00e0 serrage rapide pour porte -outil<\/li>\n<li>Couleur : rouge<\/li>\n<\/ul>\n<\/div>\n","protected":false},"featured_media":28148,"comment_status":"open","ping_status":"closed","template":"","meta":{"_joinchat":[]},"product_brand":[],"product_cat":[20],"product_tag":[],"class_list":{"0":"post-28147","1":"product","2":"type-product","3":"status-publish","4":"has-post-thumbnail","6":"product_cat-accessoires","8":"first","9":"instock","10":"sale","11":"shipping-taxable","12":"purchasable","13":"product-type-simple"},"jetpack_sharing_enabled":true,"_links":{"self":[{"href":"https:\/\/rowayad.com\/index.php\/wp-json\/wp\/v2\/product\/28147","targetHints":{"allow":["GET"]}}],"collection":[{"href":"https:\/\/rowayad.com\/index.php\/wp-json\/wp\/v2\/product"}],"about":[{"href":"https:\/\/rowayad.com\/index.php\/wp-json\/wp\/v2\/types\/product"}],"replies":[{"embeddable":true,"href":"https:\/\/rowayad.com\/index.php\/wp-json\/wp\/v2\/comments?post=28147"}],"version-history":[{"count":2,"href":"https:\/\/rowayad.com\/index.php\/wp-json\/wp\/v2\/product\/28147\/revisions"}],"predecessor-version":[{"id":28152,"href":"https:\/\/rowayad.com\/index.php\/wp-json\/wp\/v2\/product\/28147\/revisions\/28152"}],"wp:featuredmedia":[{"embeddable":true,"href":"https:\/\/rowayad.com\/index.php\/wp-json\/wp\/v2\/media\/28148"}],"wp:attachment":[{"href":"https:\/\/rowayad.com\/index.php\/wp-json\/wp\/v2\/media?parent=28147"}],"wp:term":[{"taxonomy":"product_brand","embeddable":true,"href":"https:\/\/rowayad.com\/index.php\/wp-json\/wp\/v2\/product_brand?post=28147"},{"taxonomy":"product_cat","embeddable":true,"href":"https:\/\/rowayad.com\/index.php\/wp-json\/wp\/v2\/product_cat?post=28147"},{"taxonomy":"product_tag","embeddable":true,"href":"https:\/\/rowayad.com\/index.php\/wp-json\/wp\/v2\/product_tag?post=28147"}],"curies":[{"name":"wp","href":"https:\/\/api.w.org\/{rel}","templated":true}]}}