{"id":28190,"date":"2026-02-21T17:14:32","date_gmt":"2026-02-21T17:14:32","guid":{"rendered":"https:\/\/rowayad.com\/?post_type=product&#038;p=28190"},"modified":"2026-02-21T17:14:32","modified_gmt":"2026-02-21T17:14:32","slug":"support-livre-coran-bois-sculpte-marron","status":"publish","type":"product","link":"https:\/\/rowayad.com\/index.php\/produit\/support-livre-coran-bois-sculpte-marron\/","title":{"rendered":"Support Livre Coran Bois sculpt\u00e9 &#8211; Marron"},"content":{"rendered":"<header class=\"-pvs -bb\">\n<h2 class=\"-fs20 -m -phm -pvxs\">D\u00e9tails<\/h2>\n<\/header>\n<div class=\"markup -mhm -pvl -oxa -sc\">\n<p>Tr\u00e8s beau support pour Coran, grand format, constitu\u00e9 de 2 pi\u00e8ces qui s&#8217;embo\u00eetent, fabriqu\u00e9 en bois couleur marron, joliment sculpt\u00e9 d&rsquo;arabesques&#8230; Avec inscription calligraphique (Le Saint Coran) en son centre.<\/p>\n<p>Cet objet artisanal pourrait servir comme porte Coran, mais aussi, il ajoutera \u00e0 votre int\u00e9rieur une ambiance pleine d&rsquo;\u00e9l\u00e9vation, en tant qu&rsquo;objet de d\u00e9coration.<\/p>\n<p>Se d\u00e9sembo\u00eete facilement si besoin pour le ranger.<\/p>\n<\/div>\n","protected":false},"excerpt":{"rendered":"<h2 class=\"hdr -upp -fs14 -m -pam\">Principales caract\u00e9ristiques<\/h2>\n<div class=\"markup -pam\">\n<ul>\n<li>\n<table style=\"height: 149px;\" border=\"0\" width=\"799\" cellspacing=\"0\" cellpadding=\"10\">\n<tbody>\n<tr>\n<td>&nbsp;<\/p>\n<ul>\n<li>Sculpt\u00e9 en bois,<\/li>\n<li>Pratique pour y poser un livre lorsqu&rsquo;on s&rsquo;assoit par terre pour lire et m\u00e9diter.<\/li>\n<li>Facile \u00e0 ranger (se plie).<\/li>\n<li>G\u00e9n\u00e9ralement utilis\u00e9 dans les mosqu\u00e9es ou les maisons pour lire le Coran.<\/li>\n<li>Tr\u00e8s jolie \u00e9galement comme article de d\u00e9coration<\/li>\n<\/ul>\n<\/td>\n<\/tr>\n<\/tbody>\n<\/table>\n<\/li>\n<\/ul>\n<\/div>\n","protected":false},"featured_media":28191,"comment_status":"open","ping_status":"closed","template":"","meta":{"_joinchat":[]},"product_brand":[],"product_cat":[20],"product_tag":[],"class_list":{"0":"post-28190","1":"product","2":"type-product","3":"status-publish","4":"has-post-thumbnail","6":"product_cat-accessoires","8":"first","9":"instock","10":"sale","11":"shipping-taxable","12":"purchasable","13":"product-type-simple"},"jetpack_sharing_enabled":true,"_links":{"self":[{"href":"https:\/\/rowayad.com\/index.php\/wp-json\/wp\/v2\/product\/28190","targetHints":{"allow":["GET"]}}],"collection":[{"href":"https:\/\/rowayad.com\/index.php\/wp-json\/wp\/v2\/product"}],"about":[{"href":"https:\/\/rowayad.com\/index.php\/wp-json\/wp\/v2\/types\/product"}],"replies":[{"embeddable":true,"href":"https:\/\/rowayad.com\/index.php\/wp-json\/wp\/v2\/comments?post=28190"}],"version-history":[{"count":1,"href":"https:\/\/rowayad.com\/index.php\/wp-json\/wp\/v2\/product\/28190\/revisions"}],"predecessor-version":[{"id":28196,"href":"https:\/\/rowayad.com\/index.php\/wp-json\/wp\/v2\/product\/28190\/revisions\/28196"}],"wp:featuredmedia":[{"embeddable":true,"href":"https:\/\/rowayad.com\/index.php\/wp-json\/wp\/v2\/media\/28191"}],"wp:attachment":[{"href":"https:\/\/rowayad.com\/index.php\/wp-json\/wp\/v2\/media?parent=28190"}],"wp:term":[{"taxonomy":"product_brand","embeddable":true,"href":"https:\/\/rowayad.com\/index.php\/wp-json\/wp\/v2\/product_brand?post=28190"},{"taxonomy":"product_cat","embeddable":true,"href":"https:\/\/rowayad.com\/index.php\/wp-json\/wp\/v2\/product_cat?post=28190"},{"taxonomy":"product_tag","embeddable":true,"href":"https:\/\/rowayad.com\/index.php\/wp-json\/wp\/v2\/product_tag?post=28190"}],"curies":[{"name":"wp","href":"https:\/\/api.w.org\/{rel}","templated":true}]}}