{"id":28210,"date":"2026-02-21T17:33:28","date_gmt":"2026-02-21T17:33:28","guid":{"rendered":"https:\/\/rowayad.com\/?post_type=product&#038;p=28210"},"modified":"2026-02-21T17:33:50","modified_gmt":"2026-02-21T17:33:50","slug":"presse-fruits-manuel-en-acier-inoxydable-avec-pince-a-citron-presse-agrumes-12-trous-argente","status":"publish","type":"product","link":"https:\/\/rowayad.com\/index.php\/produit\/presse-fruits-manuel-en-acier-inoxydable-avec-pince-a-citron-presse-agrumes-12-trous-argente\/","title":{"rendered":"Presse-fruits Manuel en Acier Inoxydable avec Pince \u00e0 Citron, Presse-agrumes 12 trous &#8211; Argent\u00e9"},"content":{"rendered":"<p><b>Bienvenue<\/b><\/p>\n<p>Il est facile \u00e0 utiliser et peut presser le jus frais par extrusion manuelle. Il a 22 trous de jus de conception d\u00e9licate production de jus lisse et puissante poign\u00e9e int\u00e9gr\u00e9e.<\/p>\n<p>M\u00e9thode de jus pour fruits et l\u00e9gumes:<\/p>\n<ol>\n<li>\u00a0Coupez l\u2019orange et le citron en deux morceaux. Si c\u2019est un fruit plus gros, coupez-le en quatre morceaux et pressez le jus deux fois pour presser le jus. Apr\u00e8s la premi\u00e8re\u00a0<b>pression<\/b>, tourner la tasse \u00e0 jus \u00e0 180 degr\u00e9s, presser plus de fois, et obtenez plus de jus.<\/li>\n<li>Si vous pressez beaucoup de fruits de jus, comme le citron et l\u2019ananas, vous pouvez sortir les tiges molles tout d\u2019abord, couper en morceaux de 3cm, puis couvrir et\u00a0<b>presser le jus<\/b>.<\/li>\n<li>S\u2019il s\u2019agit d\u2019un l\u00e9gume \u00e0 feuilles, comme le navet, les \u00e9pinards, p\u00e9trissez-le d\u2019abord, puis pressez-le.<\/li>\n<li>S\u2019il s\u2019agit de carottes, de c\u00e9leri, de pommes et de concombres, enveloppez-les et pressez-les.<\/li>\n<li>Si c\u2019est une pomme de terre, \u00e9pluchez-la, nettoyez-la, faites-la cuire et coupez-la en morceaux de 3cm<\/li>\n<\/ol>\n","protected":false},"excerpt":{"rendered":"<h2 class=\"hdr -upp -fs14 -m -pam\">Principales caract\u00e9ristiques<\/h2>\n<div class=\"markup -pam\">\n<ul>\n<li>Couleur: argent<\/li>\n<li>Taille: 207 * 50mm<\/li>\n<li>Mati\u00e8re: acier inoxydable<\/li>\n<li>Forme: 12 trous<\/li>\n<li>Qualit\u00e9: Sup\u00e9rieure<\/li>\n<li>Le forfait comprend:<\/li>\n<li>1 x presse-agrumes en acier inoxydable<\/li>\n<\/ul>\n<\/div>\n","protected":false},"featured_media":28211,"comment_status":"open","ping_status":"closed","template":"","meta":{"_joinchat":[]},"product_brand":[],"product_cat":[20],"product_tag":[],"class_list":{"0":"post-28210","1":"product","2":"type-product","3":"status-publish","4":"has-post-thumbnail","6":"product_cat-accessoires","8":"first","9":"instock","10":"sale","11":"shipping-taxable","12":"purchasable","13":"product-type-simple"},"jetpack_sharing_enabled":true,"_links":{"self":[{"href":"https:\/\/rowayad.com\/index.php\/wp-json\/wp\/v2\/product\/28210","targetHints":{"allow":["GET"]}}],"collection":[{"href":"https:\/\/rowayad.com\/index.php\/wp-json\/wp\/v2\/product"}],"about":[{"href":"https:\/\/rowayad.com\/index.php\/wp-json\/wp\/v2\/types\/product"}],"replies":[{"embeddable":true,"href":"https:\/\/rowayad.com\/index.php\/wp-json\/wp\/v2\/comments?post=28210"}],"version-history":[{"count":1,"href":"https:\/\/rowayad.com\/index.php\/wp-json\/wp\/v2\/product\/28210\/revisions"}],"predecessor-version":[{"id":28212,"href":"https:\/\/rowayad.com\/index.php\/wp-json\/wp\/v2\/product\/28210\/revisions\/28212"}],"wp:featuredmedia":[{"embeddable":true,"href":"https:\/\/rowayad.com\/index.php\/wp-json\/wp\/v2\/media\/28211"}],"wp:attachment":[{"href":"https:\/\/rowayad.com\/index.php\/wp-json\/wp\/v2\/media?parent=28210"}],"wp:term":[{"taxonomy":"product_brand","embeddable":true,"href":"https:\/\/rowayad.com\/index.php\/wp-json\/wp\/v2\/product_brand?post=28210"},{"taxonomy":"product_cat","embeddable":true,"href":"https:\/\/rowayad.com\/index.php\/wp-json\/wp\/v2\/product_cat?post=28210"},{"taxonomy":"product_tag","embeddable":true,"href":"https:\/\/rowayad.com\/index.php\/wp-json\/wp\/v2\/product_tag?post=28210"}],"curies":[{"name":"wp","href":"https:\/\/api.w.org\/{rel}","templated":true}]}}