{"id":28216,"date":"2026-02-21T17:44:36","date_gmt":"2026-02-21T17:44:36","guid":{"rendered":"https:\/\/rowayad.com\/?post_type=product&#038;p=28216"},"modified":"2026-02-21T17:44:36","modified_gmt":"2026-02-21T17:44:36","slug":"bouilloire-electrique-2-litres-inox","status":"publish","type":"product","link":"https:\/\/rowayad.com\/index.php\/produit\/bouilloire-electrique-2-litres-inox\/","title":{"rendered":"Bouilloire Electrique &#8211; 2 Litres &#8211; Inox"},"content":{"rendered":"<header class=\"-pvs -bb\">\n<h2 class=\"-fs20 -m -phm -pvxs\">D\u00e9tails<\/h2>\n<\/header>\n<div class=\"markup -mhm -pvl -oxa -sc\">Bouilloire<b>\u00a0au<\/b>\u00a0style affirm\u00e9 et moderne gr\u00e2ce \u00e0 des finitions de qualit\u00e9. C\u2019est la bouilloire qu\u2019il vous faut pour partager des moments gourmands entre amis ou en famille. Avec sa r\u00e9sistance cach\u00e9e, l&rsquo;eau chauffe plus vite et le nettoyage est simplifi\u00e9. Avec son design, elle trouvera sa place dans votre cuisine. Vous allez l&rsquo;adorer !<\/div>\n","protected":false},"excerpt":{"rendered":"<h2 class=\"hdr -upp -fs14 -m -pam\">Principales caract\u00e9ristiques<\/h2>\n<div class=\"markup -pam\">\n<ul>\n<li>Type de produit : Bouilloire<\/li>\n<li>Mod\u00e8le :<\/li>\n<li>Mati\u00e8re: Acier inoxydable<\/li>\n<li>Puissance: 2000 W<\/li>\n<li>Capacit\u00e9 : 2L<\/li>\n<li>Tension : 220 &#8211; 240 V<\/li>\n<\/ul>\n<\/div>\n","protected":false},"featured_media":28217,"comment_status":"open","ping_status":"closed","template":"","meta":{"_joinchat":[]},"product_brand":[],"product_cat":[20],"product_tag":[],"class_list":{"0":"post-28216","1":"product","2":"type-product","3":"status-publish","4":"has-post-thumbnail","6":"product_cat-accessoires","8":"first","9":"instock","10":"sale","11":"shipping-taxable","12":"purchasable","13":"product-type-simple"},"jetpack_sharing_enabled":true,"_links":{"self":[{"href":"https:\/\/rowayad.com\/index.php\/wp-json\/wp\/v2\/product\/28216","targetHints":{"allow":["GET"]}}],"collection":[{"href":"https:\/\/rowayad.com\/index.php\/wp-json\/wp\/v2\/product"}],"about":[{"href":"https:\/\/rowayad.com\/index.php\/wp-json\/wp\/v2\/types\/product"}],"replies":[{"embeddable":true,"href":"https:\/\/rowayad.com\/index.php\/wp-json\/wp\/v2\/comments?post=28216"}],"version-history":[{"count":1,"href":"https:\/\/rowayad.com\/index.php\/wp-json\/wp\/v2\/product\/28216\/revisions"}],"predecessor-version":[{"id":28218,"href":"https:\/\/rowayad.com\/index.php\/wp-json\/wp\/v2\/product\/28216\/revisions\/28218"}],"wp:featuredmedia":[{"embeddable":true,"href":"https:\/\/rowayad.com\/index.php\/wp-json\/wp\/v2\/media\/28217"}],"wp:attachment":[{"href":"https:\/\/rowayad.com\/index.php\/wp-json\/wp\/v2\/media?parent=28216"}],"wp:term":[{"taxonomy":"product_brand","embeddable":true,"href":"https:\/\/rowayad.com\/index.php\/wp-json\/wp\/v2\/product_brand?post=28216"},{"taxonomy":"product_cat","embeddable":true,"href":"https:\/\/rowayad.com\/index.php\/wp-json\/wp\/v2\/product_cat?post=28216"},{"taxonomy":"product_tag","embeddable":true,"href":"https:\/\/rowayad.com\/index.php\/wp-json\/wp\/v2\/product_tag?post=28216"}],"curies":[{"name":"wp","href":"https:\/\/api.w.org\/{rel}","templated":true}]}}