{"id":28251,"date":"2026-02-21T18:27:32","date_gmt":"2026-02-21T18:27:32","guid":{"rendered":"https:\/\/rowayad.com\/?post_type=product&#038;p=28251"},"modified":"2026-02-21T18:27:32","modified_gmt":"2026-02-21T18:27:32","slug":"masseur-portable-pliable-de-pied-chauffant-electrique-pedicure-grande-machine-de-detox-spa-bain-de-massage-pied-folding-foot-bath","status":"publish","type":"product","link":"https:\/\/rowayad.com\/index.php\/produit\/masseur-portable-pliable-de-pied-chauffant-electrique-pedicure-grande-machine-de-detox-spa-bain-de-massage-pied-folding-foot-bath\/","title":{"rendered":"Masseur portable pliable de pied chauffant \u00e9lectrique , p\u00e9dicure ,grande machine de d\u00e9tox, spa, bain de massage pied ,Folding Foot Bath"},"content":{"rendered":"<header class=\"-pvs -bb\">\n<h2 class=\"-fs20 -m -phm -pvxs\">D\u00e9tails<\/h2>\n<\/header>\n<div class=\"markup -mhm -pvl -oxa -sc\">\n<p><strong>Caract\u00e9ristiques fonctionnelles<\/strong><\/p>\n<p>\u2022\u00a0<strong>Compressible et pliable<\/strong>\u00a0: Un design compact qui permet un rangement facile, parfait pour les espaces r\u00e9duits.<\/p>\n<p>\u2022\u00a0<strong>Chauffage automatique<\/strong>\u00a0: Maintenez une temp\u00e9rature constante pour un bain de pieds apaisant et sans effort.<\/p>\n<p>\u2022\u00a0<strong>Th\u00e9rapie magn\u00e9tique<\/strong>\u00a0: Stimule les points d\u2019acupression et favorise la circulation sanguine pour une d\u00e9tente optimale.<\/p>\n<p>\u2022\u00a0<strong>Massage \u00e0 rouleaux<\/strong>\u00a0: Des rouleaux int\u00e9gr\u00e9s pour masser la plante des pieds, soulager la fatigue et r\u00e9duire les tensions.<\/p>\n<p>\u2022\u00a0<strong>Bulles et vagues de vapeur<\/strong>\u00a0: Une exp\u00e9rience sensorielle immersive gr\u00e2ce \u00e0 des bulles apaisantes et une vapeur douce.<\/p>\n<p>\u2022\u00a0<strong>Physioth\u00e9rapie par lumi\u00e8re rouge:<\/strong>\u00a0La lumi\u00e8re rouge aide \u00e0 am\u00e9liorer la circulation sanguine et favorise la r\u00e9cup\u00e9ration musculaire.<\/p>\n<p>&nbsp;<\/p>\n<p>Ce bain de pieds moderne combine technologie et soin traditionnel pour offrir un moment de bien-\u00eatre ultime. Il est id\u00e9al pour soulager les pieds fatigu\u00e9s apr\u00e8s une longue journ\u00e9e et revitaliser votre \u00e9nergie.<\/p>\n<\/div>\n","protected":false},"excerpt":{"rendered":"<h2 class=\"hdr -upp -fs14 -m -pam\">Principales caract\u00e9ristiques<\/h2>\n<div class=\"markup -pam\">\n<ul>\n<li><strong>Compressible et pliable<\/strong>\u00a0: Un design compact qui permet un rangement facile, parfait pour les espaces r\u00e9duits.<\/li>\n<\/ul>\n<p>\u2022\u00a0<strong>Chauffage automatique<\/strong>\u00a0: Maintenez une temp\u00e9rature constante pour un bain de pieds apaisant et sans effort.<\/p>\n<p>\u2022\u00a0<strong>Th\u00e9rapie magn\u00e9tique<\/strong>\u00a0: Stimule les points d\u2019acupression et favorise la circulation sanguine pour une d\u00e9tente optimale.<\/p>\n<p>\u2022\u00a0<strong>Massage \u00e0 rouleaux<\/strong>\u00a0: Des rouleaux int\u00e9gr\u00e9s pour masser la plante des pieds, soulager la fatigue et r\u00e9duire les tensions.<\/p>\n<p>\u2022\u00a0<strong>Bulles et vagues de vapeur<\/strong>\u00a0: Une exp\u00e9rience sensorielle immersive gr\u00e2ce \u00e0 des bulles apaisantes et une vapeur douce.<\/p>\n<p>\u2022\u00a0<strong>Physioth\u00e9rapie par lumi\u00e8re rouge<\/strong>\u00a0: La lumi\u00e8re rouge aide \u00e0 am\u00e9liorer la circulation sanguine et favorise la r\u00e9cup\u00e9ration musculaire<\/p>\n<\/div>\n","protected":false},"featured_media":28252,"comment_status":"open","ping_status":"closed","template":"","meta":{"_joinchat":[]},"product_brand":[],"product_cat":[20],"product_tag":[],"class_list":{"0":"post-28251","1":"product","2":"type-product","3":"status-publish","4":"has-post-thumbnail","6":"product_cat-accessoires","8":"first","9":"instock","10":"sale","11":"shipping-taxable","12":"purchasable","13":"product-type-simple"},"jetpack_sharing_enabled":true,"_links":{"self":[{"href":"https:\/\/rowayad.com\/index.php\/wp-json\/wp\/v2\/product\/28251","targetHints":{"allow":["GET"]}}],"collection":[{"href":"https:\/\/rowayad.com\/index.php\/wp-json\/wp\/v2\/product"}],"about":[{"href":"https:\/\/rowayad.com\/index.php\/wp-json\/wp\/v2\/types\/product"}],"replies":[{"embeddable":true,"href":"https:\/\/rowayad.com\/index.php\/wp-json\/wp\/v2\/comments?post=28251"}],"version-history":[{"count":1,"href":"https:\/\/rowayad.com\/index.php\/wp-json\/wp\/v2\/product\/28251\/revisions"}],"predecessor-version":[{"id":28256,"href":"https:\/\/rowayad.com\/index.php\/wp-json\/wp\/v2\/product\/28251\/revisions\/28256"}],"wp:featuredmedia":[{"embeddable":true,"href":"https:\/\/rowayad.com\/index.php\/wp-json\/wp\/v2\/media\/28252"}],"wp:attachment":[{"href":"https:\/\/rowayad.com\/index.php\/wp-json\/wp\/v2\/media?parent=28251"}],"wp:term":[{"taxonomy":"product_brand","embeddable":true,"href":"https:\/\/rowayad.com\/index.php\/wp-json\/wp\/v2\/product_brand?post=28251"},{"taxonomy":"product_cat","embeddable":true,"href":"https:\/\/rowayad.com\/index.php\/wp-json\/wp\/v2\/product_cat?post=28251"},{"taxonomy":"product_tag","embeddable":true,"href":"https:\/\/rowayad.com\/index.php\/wp-json\/wp\/v2\/product_tag?post=28251"}],"curies":[{"name":"wp","href":"https:\/\/api.w.org\/{rel}","templated":true}]}}