{"id":28286,"date":"2026-02-23T00:35:02","date_gmt":"2026-02-23T00:35:02","guid":{"rendered":"https:\/\/rowayad.com\/?post_type=product&#038;p=28286"},"modified":"2026-02-23T16:20:03","modified_gmt":"2026-02-23T16:20:03","slug":"chaise-de-bureau-pivotante-avec-accoudoirs-fauteuil-de-bureau-pivotant","status":"publish","type":"product","link":"https:\/\/rowayad.com\/index.php\/produit\/chaise-de-bureau-pivotante-avec-accoudoirs-fauteuil-de-bureau-pivotant\/","title":{"rendered":"Chaise de Bureau Pivotante- Avec Accoudoirs &#8211; fauteuil de bureau pivotant"},"content":{"rendered":"<header class=\"-pvs -bb\">\n<h2 class=\"-fs20 -m -phm -pvxs\">D\u00e9tails<\/h2>\n<\/header>\n<div class=\"markup -mhm -pvl -oxa -sc\">\n<p>Choisir un fauteuil de bureau confortable, c\u2019est passer plus de temps \u00e0 travailler qu\u2019\u00e0 se plaindre de son dos. Nos chaises pivotantes ont des accoudoirs, des si\u00e8ges r\u00e9glables en hauteur et des fonctions de bascule que votre corps appr\u00e9ciera. Notre large gamme de styles vous permettra de trouver celle qui vous convient pour travailler confortablement, chez vous comme au bureau.<br \/>\nNiveau \u00e9lev\u00e9 et facile \u00e0 installer &#8211; Les si\u00e8ges\u00a0Visiteur\u00a0 de Bureau 0220\u00a0ont \u00e9t\u00e9 certifi\u00e9s par BIFMA et SGS. Et peut supporter un poids allant jusqu&rsquo;\u00e0\u00a0<strong>150 kg.\u00a0<\/strong><br \/>\nUniversal Fit &#8211; Oreiller rotatif multidimensionnel \u00e0 rotation libre pour prot\u00e9ger la vert\u00e8bre cervicale; La lev\u00e9e de 10 cm et l<strong>a rotation \u00e0 360 \u00b0\u00a0<\/strong>sont flexibles et adapt\u00e9es \u00e0 l\u2019environnement de bureau; 120 \u00b0 ajustement du dos reste et exactitude du bureau.<br \/>\nFonction d&rsquo;inclinaison<br \/>\nLa conception ergonomique 650 est bas\u00e9e sur le mod\u00e8le num\u00e9rique \u00e0 dynamique humaine. Vous pouvez \u00e9galement ajuster la hauteur de l&rsquo;assise, le dossier .<\/p>\n<\/div>\n","protected":false},"excerpt":{"rendered":"<h2 class=\"hdr -upp -fs14 -m -pam\">Principales caract\u00e9ristiques<\/h2>\n<div class=\"markup -pam\">\n<ul>\n<li>Type de Produit : Fauteuil<\/li>\n<li>Mod\u00e8le: Directeur<\/li>\n<li>Mati\u00e8re : Tissu &amp; M\u00e9tal<\/li>\n<li>Assise Confortable<\/li>\n<li>Accoudoir<\/li>\n<\/ul>\n<\/div>\n","protected":false},"featured_media":28288,"comment_status":"open","ping_status":"closed","template":"","meta":{"_joinchat":[]},"product_brand":[],"product_cat":[20],"product_tag":[],"class_list":{"0":"post-28286","1":"product","2":"type-product","3":"status-publish","4":"has-post-thumbnail","6":"product_cat-accessoires","8":"first","9":"instock","10":"sale","11":"shipping-taxable","12":"purchasable","13":"product-type-simple"},"jetpack_sharing_enabled":true,"_links":{"self":[{"href":"https:\/\/rowayad.com\/index.php\/wp-json\/wp\/v2\/product\/28286","targetHints":{"allow":["GET"]}}],"collection":[{"href":"https:\/\/rowayad.com\/index.php\/wp-json\/wp\/v2\/product"}],"about":[{"href":"https:\/\/rowayad.com\/index.php\/wp-json\/wp\/v2\/types\/product"}],"replies":[{"embeddable":true,"href":"https:\/\/rowayad.com\/index.php\/wp-json\/wp\/v2\/comments?post=28286"}],"version-history":[{"count":1,"href":"https:\/\/rowayad.com\/index.php\/wp-json\/wp\/v2\/product\/28286\/revisions"}],"predecessor-version":[{"id":28289,"href":"https:\/\/rowayad.com\/index.php\/wp-json\/wp\/v2\/product\/28286\/revisions\/28289"}],"wp:featuredmedia":[{"embeddable":true,"href":"https:\/\/rowayad.com\/index.php\/wp-json\/wp\/v2\/media\/28288"}],"wp:attachment":[{"href":"https:\/\/rowayad.com\/index.php\/wp-json\/wp\/v2\/media?parent=28286"}],"wp:term":[{"taxonomy":"product_brand","embeddable":true,"href":"https:\/\/rowayad.com\/index.php\/wp-json\/wp\/v2\/product_brand?post=28286"},{"taxonomy":"product_cat","embeddable":true,"href":"https:\/\/rowayad.com\/index.php\/wp-json\/wp\/v2\/product_cat?post=28286"},{"taxonomy":"product_tag","embeddable":true,"href":"https:\/\/rowayad.com\/index.php\/wp-json\/wp\/v2\/product_tag?post=28286"}],"curies":[{"name":"wp","href":"https:\/\/api.w.org\/{rel}","templated":true}]}}