{"id":28335,"date":"2026-02-23T17:37:29","date_gmt":"2026-02-23T17:37:29","guid":{"rendered":"https:\/\/rowayad.com\/?post_type=product&#038;p=28335"},"modified":"2026-02-23T17:41:37","modified_gmt":"2026-02-23T17:41:37","slug":"fer-a-repasser-steam-iron","status":"publish","type":"product","link":"https:\/\/rowayad.com\/index.php\/produit\/fer-a-repasser-steam-iron\/","title":{"rendered":"Fer \u00e0 Repasser &#8211; Steam Iron"},"content":{"rendered":"<header class=\"-pvs -bb\">\n<h2 class=\"-fs20 -m -phm -pvxs\">D\u00e9tails<\/h2>\n<\/header>\n<div class=\"markup -mhm -pvl -oxa -sc\"><b>Il<\/b> s&rsquo;agit d&rsquo;un fer \u00e0 vapeur \u00e0 option de contr\u00f4le de la vapeur variable ainsi que d&rsquo;un pulv\u00e9risateur puissant, dot\u00e9 d&rsquo;une semelle \u00e0 rev\u00eatement antiadh\u00e9sif et d&rsquo;une fonction de repassage \u00e0 sec et \u00e0 la vapeur. il vient avec r\u00e9servoir d&rsquo;eau transparent avec veilleuse. Il s&rsquo;agit d&rsquo;un fer \u00e0 vapeur multifonctionnel et pratique.\u00a0Planche \u00e0 repasser en t\u00e9flon de haute qualit\u00e9, lisse et antiadh\u00e9sive, inoffensive pour les v\u00eatements, garde vos v\u00eatements bien rang\u00e9s et lisses sans plis, leur donne un aspect neuf.\u00a0<b>La vapeur explosive peut<\/b>\u00a0 peut p\u00e9n\u00e9trer rapidement dans les v\u00eatements et les fibres et \u00e9liminer efficacement les plis tenaces.\u00a0Repassage \u00e0 sec et repassage humide, flexible et pratique, adapt\u00e9 \u00e0 un usage domestique.\u00a0Un repassage tr\u00e8s efficace garde vos v\u00eatements bien rang\u00e9s et lisses sans plis, leur donnant un aspect neuf. La vapeur explosive peut p\u00e9n\u00e9trer rapidement dans les v\u00eatements et les fibres et \u00e9liminer efficacement les plis tenaces. Planche \u00e0 repasser en t\u00e9flon de haute qualit\u00e9, lisse et antiadh\u00e9sive, inoffensive pour les v\u00eatements. Repassage \u00e0 sec et repassage humide, flexible et pratique. Grand r\u00e9servoir d&rsquo;eau de 400 ml, long cycle de travail. Avec fonction spray, meilleur effet de repassage.il vient avec r\u00e9servoir d&rsquo;eau transparent avec veilleuse. Il s&rsquo;agit d&rsquo;un fer \u00e0 vapeur multifonctionnel et pratique.\u00a0Planche \u00e0 repasser en t\u00e9flon de haute qualit\u00e9, lisse et antiadh\u00e9sive, inoffensive pour les v\u00eatements, garde vos v\u00eatements bien rang\u00e9s et lisses sans plis, leur donne un aspect neuf.\u00a0<b>La vapeur explosive peut<\/b>\u00a0p\u00e9n\u00e9trer rapidement dans les v\u00eatements et les fibres et \u00e9liminer efficacement les plis tenaces.\u00a0Repassage \u00e0 sec et repassage humide, flexible et pratique, adapt\u00e9 \u00e0 un usage domestique.\u00a0Un repassage tr\u00e8s efficace garde vos v\u00eatements bien rang\u00e9s et lisses sans plis, leur donnant un aspect neuf. La vapeur explosive peut p\u00e9n\u00e9trer rapidement dans les v\u00eatements et les fibres et \u00e9liminer efficacement les plis tenaces. Planche \u00e0 repasser en t\u00e9flon de haute qualit\u00e9, lisse et antiadh\u00e9sive, inoffensive pour les v\u00eatements. Repassage \u00e0 sec et repassage humide, flexible et pratique. Grand r\u00e9servoir d&rsquo;eau de 400 ml, long cycle de travail. Avec fonction spray, meilleur effet de repassage.<\/div>\n","protected":false},"excerpt":{"rendered":"<h2 class=\"hdr -upp -fs14 -m -pam\">Principales caract\u00e9ristiques<\/h2>\n<div class=\"markup -pam\">\n<ul>\n<li>Type Fer \u00e0 Repasser : Vapeur<\/li>\n<li>Couleur : Blanc\/Bleu<\/li>\n<li>Tension : 220 &#8211; 240 V<\/li>\n<li>Fr\u00e9quence : 50 &#8211; 60 Hz<\/li>\n<li>Rev\u00eatement anti-adh\u00e9sif<\/li>\n<li>Poids : 1kg<\/li>\n<\/ul>\n<\/div>\n","protected":false},"featured_media":28336,"comment_status":"open","ping_status":"closed","template":"","meta":{"_joinchat":[]},"product_brand":[],"product_cat":[20],"product_tag":[],"class_list":{"0":"post-28335","1":"product","2":"type-product","3":"status-publish","4":"has-post-thumbnail","6":"product_cat-accessoires","8":"first","9":"instock","10":"sale","11":"shipping-taxable","12":"purchasable","13":"product-type-simple"},"jetpack_sharing_enabled":true,"_links":{"self":[{"href":"https:\/\/rowayad.com\/index.php\/wp-json\/wp\/v2\/product\/28335","targetHints":{"allow":["GET"]}}],"collection":[{"href":"https:\/\/rowayad.com\/index.php\/wp-json\/wp\/v2\/product"}],"about":[{"href":"https:\/\/rowayad.com\/index.php\/wp-json\/wp\/v2\/types\/product"}],"replies":[{"embeddable":true,"href":"https:\/\/rowayad.com\/index.php\/wp-json\/wp\/v2\/comments?post=28335"}],"version-history":[{"count":1,"href":"https:\/\/rowayad.com\/index.php\/wp-json\/wp\/v2\/product\/28335\/revisions"}],"predecessor-version":[{"id":28337,"href":"https:\/\/rowayad.com\/index.php\/wp-json\/wp\/v2\/product\/28335\/revisions\/28337"}],"wp:featuredmedia":[{"embeddable":true,"href":"https:\/\/rowayad.com\/index.php\/wp-json\/wp\/v2\/media\/28336"}],"wp:attachment":[{"href":"https:\/\/rowayad.com\/index.php\/wp-json\/wp\/v2\/media?parent=28335"}],"wp:term":[{"taxonomy":"product_brand","embeddable":true,"href":"https:\/\/rowayad.com\/index.php\/wp-json\/wp\/v2\/product_brand?post=28335"},{"taxonomy":"product_cat","embeddable":true,"href":"https:\/\/rowayad.com\/index.php\/wp-json\/wp\/v2\/product_cat?post=28335"},{"taxonomy":"product_tag","embeddable":true,"href":"https:\/\/rowayad.com\/index.php\/wp-json\/wp\/v2\/product_tag?post=28335"}],"curies":[{"name":"wp","href":"https:\/\/api.w.org\/{rel}","templated":true}]}}