{"id":28344,"date":"2026-02-23T17:55:32","date_gmt":"2026-02-23T17:55:32","guid":{"rendered":"https:\/\/rowayad.com\/?post_type=product&#038;p=28344"},"modified":"2026-02-23T17:56:50","modified_gmt":"2026-02-23T17:56:50","slug":"pouf-coffre-et-rangement-marron","status":"publish","type":"product","link":"https:\/\/rowayad.com\/index.php\/produit\/pouf-coffre-et-rangement-marron\/","title":{"rendered":"Pouf Coffre et Rangement marron"},"content":{"rendered":"<header class=\"-pvs -bb\">\n<h2 class=\"-fs20 -m -phm -pvxs\">D\u00e9tails<\/h2>\n<\/header>\n<div class=\"markup -mhm -pvl -oxa -sc\">Praticable pour \u00eatre net : Ce pouf moderne en lin met votre salon et votre entr\u00e9e en lumi\u00e8re. Et plus important, il peut conserver vos biens et vous donne un grand espace de stockage cach\u00e9 pour que vous puissiez sortir du d\u00e9sordre<br \/>\nUn toucher veloute et commode : Ce coffre de rangement en velours rembourr\u00e9 vous permet d\u2019avoir une touche de confort. Vous n\u2019avez qu\u2019\u00e0 vous asseoir pour constater sa d\u00e9licatesse<br \/>\nUn spacieux espace de stockage : Vous profitez d\u2019un espace int\u00e9rieur de 80L. Il vous est opportun d\u2019optimiser l\u2019espace utile afin de supprimer le d\u00e9sordre et conserver vos livres, magazines, jouets, ou m\u00eame les couvertures et les oreillers dans ce pouf<br \/>\nUne capacite de charge stup\u00e9fiante : Vous doutez si cet article puisse supporter les objets lourds ? Il peut vous dire que sa capacit\u00e9 de charge statique est maximale de 300kg, autrement dit, il est capable de prendre les poids de 2 adultes.<\/div>\n<div><\/div>\n<div>\n<h2 class=\"hdr -upp -fs14 -m -pam\">Principales caract\u00e9ristiques<\/h2>\n<div class=\"markup -pam\">\n<ul>\n<li>Dimensions\u00a0: longueur 76 x largeur 38 cm x H38 cm.<\/li>\n<li>Couleur\u00a0: marron<\/li>\n<li>Mati\u00e8re\u00a0: structure MDF, rev\u00eatement 100% polyur\u00e9thane .<\/li>\n<li>Entretien: Nettoyage \u00e0 l&rsquo;\u00e9ponge humide.<\/li>\n<\/ul>\n<\/div>\n<\/div>\n","protected":false},"excerpt":{"rendered":"<p>D\u00e9tails Praticable pour \u00eatre net : Ce pouf moderne en lin met votre salon et votre entr\u00e9e en lumi\u00e8re. Et<\/p>\n","protected":false},"featured_media":28345,"comment_status":"open","ping_status":"closed","template":"","meta":{"_joinchat":[]},"product_brand":[],"product_cat":[20],"product_tag":[],"class_list":{"0":"post-28344","1":"product","2":"type-product","3":"status-publish","4":"has-post-thumbnail","6":"product_cat-accessoires","8":"first","9":"instock","10":"sale","11":"shipping-taxable","12":"purchasable","13":"product-type-simple"},"jetpack_sharing_enabled":true,"_links":{"self":[{"href":"https:\/\/rowayad.com\/index.php\/wp-json\/wp\/v2\/product\/28344","targetHints":{"allow":["GET"]}}],"collection":[{"href":"https:\/\/rowayad.com\/index.php\/wp-json\/wp\/v2\/product"}],"about":[{"href":"https:\/\/rowayad.com\/index.php\/wp-json\/wp\/v2\/types\/product"}],"replies":[{"embeddable":true,"href":"https:\/\/rowayad.com\/index.php\/wp-json\/wp\/v2\/comments?post=28344"}],"version-history":[{"count":1,"href":"https:\/\/rowayad.com\/index.php\/wp-json\/wp\/v2\/product\/28344\/revisions"}],"predecessor-version":[{"id":28350,"href":"https:\/\/rowayad.com\/index.php\/wp-json\/wp\/v2\/product\/28344\/revisions\/28350"}],"wp:featuredmedia":[{"embeddable":true,"href":"https:\/\/rowayad.com\/index.php\/wp-json\/wp\/v2\/media\/28345"}],"wp:attachment":[{"href":"https:\/\/rowayad.com\/index.php\/wp-json\/wp\/v2\/media?parent=28344"}],"wp:term":[{"taxonomy":"product_brand","embeddable":true,"href":"https:\/\/rowayad.com\/index.php\/wp-json\/wp\/v2\/product_brand?post=28344"},{"taxonomy":"product_cat","embeddable":true,"href":"https:\/\/rowayad.com\/index.php\/wp-json\/wp\/v2\/product_cat?post=28344"},{"taxonomy":"product_tag","embeddable":true,"href":"https:\/\/rowayad.com\/index.php\/wp-json\/wp\/v2\/product_tag?post=28344"}],"curies":[{"name":"wp","href":"https:\/\/api.w.org\/{rel}","templated":true}]}}