{"id":28367,"date":"2026-02-24T14:27:44","date_gmt":"2026-02-24T14:27:44","guid":{"rendered":"https:\/\/rowayad.com\/?post_type=product&#038;p=28367"},"modified":"2026-04-11T13:51:58","modified_gmt":"2026-04-11T13:51:58","slug":"armoires-de-rangement-3-battants-marron-plastique","status":"publish","type":"product","link":"https:\/\/rowayad.com\/index.php\/produit\/armoires-de-rangement-3-battants-marron-plastique\/","title":{"rendered":"Armoires de rangement 3 battants marron Plastique"},"content":{"rendered":"<p>Panneaux en PP plastique, encadr\u00e9es par le fil en fer, clips de fixation en ABS, ils assurent la bonne r\u00e9sistance et la bonne charge de chaque cube (10 kg au plus)<br \/>\nStructure simple, cette armoire est d&rsquo;un montage tr\u00e8s simple<br \/>\nMontage personnalis\u00e9, les cubes peuvent \u00eatre utilis\u00e9s s\u00e9par\u00e9ment ou empil\u00e9s et combin\u00e9s<br \/>\nR\u00e9sistant \u00e0 l&rsquo;humidit\u00e9, \u00e0 la moisissure et \u00e0 la poussi\u00e8re, les plaques en plastique sont faciles \u00e0 nettoyer. Pour l&rsquo;entretien quotidien, vous pouvez les essuyez avec un chiffon mouill\u00e9<\/p>\n<h2 class=\"hdr -upp -fs14 -m -pam\">Principales caract\u00e9ristiques<\/h2>\n<div class=\"markup -pam\">\n<p>Remarque<br \/>\nLes pi\u00e8ces fournies sont suffisantes pour monter une forme en photo, pour des formes complexes, il peut manquer des pi\u00e8ces<br \/>\nPour attacher les plaques, assurez-vous que tous les coins de chaque plaque soient ins\u00e9r\u00e9s dans le plus profond de la pi\u00e8ce de fixation. Une fois que vous avez fini d&rsquo;installer un \u00e9tage, pressez les pi\u00e8ces de fixation pour r\u00e9duire les fentes et renforcer la stabilit\u00e9.<br \/>\nToutes les plaques sont en plastique de faible rigidit\u00e9, le stockage des objets lourds comme livres, halt\u00e8res, etc. dans l&rsquo;armoire n&rsquo;est pas recommand\u00e9<\/p>\n<\/div>\n","protected":false},"excerpt":{"rendered":"<p>Panneaux en PP plastique, encadr\u00e9es par le fil en fer, clips de fixation en ABS, ils assurent la bonne r\u00e9sistance<\/p>\n","protected":false},"featured_media":28368,"comment_status":"open","ping_status":"closed","template":"","meta":{"_joinchat":[]},"product_brand":[],"product_cat":[75],"product_tag":[],"class_list":{"0":"post-28367","1":"product","2":"type-product","3":"status-publish","4":"has-post-thumbnail","6":"product_cat-maison-bureau","8":"first","9":"instock","10":"sale","11":"shipping-taxable","12":"purchasable","13":"product-type-simple"},"jetpack_sharing_enabled":true,"_links":{"self":[{"href":"https:\/\/rowayad.com\/index.php\/wp-json\/wp\/v2\/product\/28367","targetHints":{"allow":["GET"]}}],"collection":[{"href":"https:\/\/rowayad.com\/index.php\/wp-json\/wp\/v2\/product"}],"about":[{"href":"https:\/\/rowayad.com\/index.php\/wp-json\/wp\/v2\/types\/product"}],"replies":[{"embeddable":true,"href":"https:\/\/rowayad.com\/index.php\/wp-json\/wp\/v2\/comments?post=28367"}],"version-history":[{"count":1,"href":"https:\/\/rowayad.com\/index.php\/wp-json\/wp\/v2\/product\/28367\/revisions"}],"predecessor-version":[{"id":28369,"href":"https:\/\/rowayad.com\/index.php\/wp-json\/wp\/v2\/product\/28367\/revisions\/28369"}],"wp:featuredmedia":[{"embeddable":true,"href":"https:\/\/rowayad.com\/index.php\/wp-json\/wp\/v2\/media\/28368"}],"wp:attachment":[{"href":"https:\/\/rowayad.com\/index.php\/wp-json\/wp\/v2\/media?parent=28367"}],"wp:term":[{"taxonomy":"product_brand","embeddable":true,"href":"https:\/\/rowayad.com\/index.php\/wp-json\/wp\/v2\/product_brand?post=28367"},{"taxonomy":"product_cat","embeddable":true,"href":"https:\/\/rowayad.com\/index.php\/wp-json\/wp\/v2\/product_cat?post=28367"},{"taxonomy":"product_tag","embeddable":true,"href":"https:\/\/rowayad.com\/index.php\/wp-json\/wp\/v2\/product_tag?post=28367"}],"curies":[{"name":"wp","href":"https:\/\/api.w.org\/{rel}","templated":true}]}}