{"id":28422,"date":"2026-02-24T16:59:10","date_gmt":"2026-02-24T16:59:10","guid":{"rendered":"https:\/\/rowayad.com\/?post_type=product&#038;p=28422"},"modified":"2026-04-11T13:41:44","modified_gmt":"2026-04-11T13:41:44","slug":"etagere-cuisine-meuble-de-rangement-vaisselier-moderne-en-bois-elegant-avec-armoires-elegant-et-fonctionnel-beige-dimension-120-139-cm-vaisselier","status":"publish","type":"product","link":"https:\/\/rowayad.com\/index.php\/produit\/etagere-cuisine-meuble-de-rangement-vaisselier-moderne-en-bois-elegant-avec-armoires-elegant-et-fonctionnel-beige-dimension-120-139-cm-vaisselier\/","title":{"rendered":"\u00c9tag\u00e8re Cuisine, Meuble De Rangement, vaisselier moderne en bois \u00e9l\u00e9gant avec armoires"},"content":{"rendered":"<header class=\"-pvs -bb\">\n<h2 class=\"-fs20 -m -phm -pvxs\">D\u00e9tails<\/h2>\n<\/header>\n<div class=\"markup -mhm -pvl -oxa -sc\">\n<ul>\n<li>SUPPORT UTILITAIRE POUR LA PLUPART DES OCCASIONS : vous pouvez facilement installer ce mini support utilitaire dans votre cuisine, bureau, salon, salle \u00e0 manger, caf\u00e9, chambre et m\u00eame coin alcool.<\/li>\n<li>Petit mais puissant : con\u00e7u avec deux paniers et \u00e9tag\u00e8res en maille d&rsquo;acier, une armoire de rangement et 4 crochets avec 2 \u00e9tag\u00e8res suspendus offrent beaucoup d&rsquo;espace de rangement tout en \u00e9conomisant beaucoup d&rsquo;espace au sol pour ranger un four \u00e0 micro-ondes, une th\u00e9i\u00e8re, une cafeti\u00e8re, de la vaisselle ou d&rsquo;autres articles comme des livres, des photos. , CD, bibelots, etc.<\/li>\n<li>CONSTRUCTION SUPER SOLIDE : Fabriqu\u00e9 \u00e0 partir de panneaux de particules de classe E1 et d&rsquo;un cadre en m\u00e9tal, ce support \u00e0 caf\u00e9 pour micro-ondes est robuste et durable. La structure en m\u00e9tal et le plateau de table de couleur antique ont une grande capacit\u00e9 de charge et garantissent stabilit\u00e9 et durabilit\u00e9.<\/li>\n<li>ARMOIRE DE RANGEMENT MULTIFONCTIONNELLE : L&rsquo;\u00e9tag\u00e8re de cuisine est tr\u00e8s utile, non seulement comme support pour micro-ondes avec rangement, mais aussi comme biblioth\u00e8que, meuble de salle de bain, \u00e9tag\u00e8re de rangement pour le salon, la chambre, le bureau, la chambre d&rsquo;enfant, le bureau, le garde-manger.<\/li>\n<li>FACILE \u00c0 ASSEMBLER : L&rsquo;assemblage et le d\u00e9montage sont un jeu d&rsquo;enfant et tous les outils et instructions n\u00e9cessaires sont inclus dans l&#8217;emballage, il faudra environ une demi-heure pour deux personnes \u00e0 assembler.<\/li>\n<\/ul>\n<h2 class=\"hdr -upp -fs14 -m -pam\">Principales caract\u00e9ristiques<\/h2>\n<div class=\"markup -pam\">\n<ul>\n<li>Couleur : Beige<\/li>\n<li>Taille : 39&Prime;L x 12&Prime;L x 55&Prime;H<\/li>\n<li>Style : \u00a0Moderne<\/li>\n<li>Mat\u00e9riau : Bois<\/li>\n<\/ul>\n<\/div>\n<\/div>\n","protected":false},"excerpt":{"rendered":"<p>D\u00e9tails SUPPORT UTILITAIRE POUR LA PLUPART DES OCCASIONS : vous pouvez facilement installer ce mini support utilitaire dans votre cuisine,<\/p>\n","protected":false},"featured_media":28423,"comment_status":"open","ping_status":"closed","template":"","meta":{"_joinchat":[]},"product_brand":[],"product_cat":[75],"product_tag":[],"class_list":{"0":"post-28422","1":"product","2":"type-product","3":"status-publish","4":"has-post-thumbnail","6":"product_cat-maison-bureau","8":"first","9":"instock","10":"sale","11":"shipping-taxable","12":"purchasable","13":"product-type-simple"},"jetpack_sharing_enabled":true,"_links":{"self":[{"href":"https:\/\/rowayad.com\/index.php\/wp-json\/wp\/v2\/product\/28422","targetHints":{"allow":["GET"]}}],"collection":[{"href":"https:\/\/rowayad.com\/index.php\/wp-json\/wp\/v2\/product"}],"about":[{"href":"https:\/\/rowayad.com\/index.php\/wp-json\/wp\/v2\/types\/product"}],"replies":[{"embeddable":true,"href":"https:\/\/rowayad.com\/index.php\/wp-json\/wp\/v2\/comments?post=28422"}],"version-history":[{"count":3,"href":"https:\/\/rowayad.com\/index.php\/wp-json\/wp\/v2\/product\/28422\/revisions"}],"predecessor-version":[{"id":29182,"href":"https:\/\/rowayad.com\/index.php\/wp-json\/wp\/v2\/product\/28422\/revisions\/29182"}],"wp:featuredmedia":[{"embeddable":true,"href":"https:\/\/rowayad.com\/index.php\/wp-json\/wp\/v2\/media\/28423"}],"wp:attachment":[{"href":"https:\/\/rowayad.com\/index.php\/wp-json\/wp\/v2\/media?parent=28422"}],"wp:term":[{"taxonomy":"product_brand","embeddable":true,"href":"https:\/\/rowayad.com\/index.php\/wp-json\/wp\/v2\/product_brand?post=28422"},{"taxonomy":"product_cat","embeddable":true,"href":"https:\/\/rowayad.com\/index.php\/wp-json\/wp\/v2\/product_cat?post=28422"},{"taxonomy":"product_tag","embeddable":true,"href":"https:\/\/rowayad.com\/index.php\/wp-json\/wp\/v2\/product_tag?post=28422"}],"curies":[{"name":"wp","href":"https:\/\/api.w.org\/{rel}","templated":true}]}}