{"id":28446,"date":"2026-02-25T15:51:16","date_gmt":"2026-02-25T15:51:16","guid":{"rendered":"https:\/\/rowayad.com\/?post_type=product&#038;p=28446"},"modified":"2026-04-11T13:36:16","modified_gmt":"2026-04-11T13:36:16","slug":"mugs-isotherme-inox-ou-bouteille-deau-800ml","status":"publish","type":"product","link":"https:\/\/rowayad.com\/index.php\/produit\/mugs-isotherme-inox-ou-bouteille-deau-800ml\/","title":{"rendered":"Mugs isotherme inox ou bouteille d&rsquo;eau 800ml."},"content":{"rendered":"<header class=\"-pvs -bb\">\n<h2 class=\"-fs20 -m -phm -pvxs\">D\u00e9tails<\/h2>\n<\/header>\n<div class=\"markup -mhm -pvl -oxa -sc\">\n<p>Pour vos d\u00e9placements \u00e9cole, bureau o\u00f9 entra\u00eenement acheter nos bouteilles o\u00f9 mugs fabriqu\u00e9 en acier inoxydable antirouille.<\/p>\n<p><strong>Bouteille isotherme double en acier inoxydable, thermos sous vide, tasse \u00e0 caf\u00e9 et \u00e0 th\u00e9, \u00e9tanche, bureau<\/strong><\/p>\n<p>Thermos en acier inoxydable Une bouteille sous vide r\u00e9sistant 800ml<\/p>\n<p>La bouteille \u00e0 vide, est parfaite pour vous qui voulez garder votre boisson chaude ou froide pendant longtemps, gr\u00e2ce \u00e0 sa double paroi d&rsquo;isolation, qui en plus de maintenir la temp\u00e9rature, fait la bouteille de vide la plus dure sur le march\u00e9.<\/p>\n<p>Son bouchon \u00e0 vide scelle compl\u00e8tement la bouteille, ne laissant aucune chance aux fuites.<\/p>\n<p>* Coffre-fort<\/p>\n<p>* Hygi\u00e9nique<\/p>\n<p>* Confortable<\/p>\n<p>* Sans BPA<\/p>\n<p>* Acier inoxydable 100%<\/p>\n<p>* Accompagner un tamis<\/p>\n<p>* A double paroi d&rsquo;isolation<\/p>\n<p>* Chauff\u00e9 : jusqu&rsquo;\u00e0 15 heures<\/p>\n<p>* Cr\u00e8me glac\u00e9e : jusqu&rsquo;\u00e0 20 heures<\/p>\n<p>* Capacit\u00e9 : 800 ml<\/p>\n<\/div>\n","protected":false},"excerpt":{"rendered":"<p>D\u00e9tails Pour vos d\u00e9placements \u00e9cole, bureau o\u00f9 entra\u00eenement acheter nos bouteilles o\u00f9 mugs fabriqu\u00e9 en acier inoxydable antirouille. Bouteille isotherme<\/p>\n","protected":false},"featured_media":28447,"comment_status":"open","ping_status":"closed","template":"","meta":{"_joinchat":[]},"product_brand":[],"product_cat":[74,75],"product_tag":[],"class_list":{"0":"post-28446","1":"product","2":"type-product","3":"status-publish","4":"has-post-thumbnail","6":"product_cat-electromenager","7":"product_cat-maison-bureau","9":"first","10":"instock","11":"sale","12":"shipping-taxable","13":"purchasable","14":"product-type-simple"},"jetpack_sharing_enabled":true,"_links":{"self":[{"href":"https:\/\/rowayad.com\/index.php\/wp-json\/wp\/v2\/product\/28446","targetHints":{"allow":["GET"]}}],"collection":[{"href":"https:\/\/rowayad.com\/index.php\/wp-json\/wp\/v2\/product"}],"about":[{"href":"https:\/\/rowayad.com\/index.php\/wp-json\/wp\/v2\/types\/product"}],"replies":[{"embeddable":true,"href":"https:\/\/rowayad.com\/index.php\/wp-json\/wp\/v2\/comments?post=28446"}],"version-history":[{"count":1,"href":"https:\/\/rowayad.com\/index.php\/wp-json\/wp\/v2\/product\/28446\/revisions"}],"predecessor-version":[{"id":28449,"href":"https:\/\/rowayad.com\/index.php\/wp-json\/wp\/v2\/product\/28446\/revisions\/28449"}],"wp:featuredmedia":[{"embeddable":true,"href":"https:\/\/rowayad.com\/index.php\/wp-json\/wp\/v2\/media\/28447"}],"wp:attachment":[{"href":"https:\/\/rowayad.com\/index.php\/wp-json\/wp\/v2\/media?parent=28446"}],"wp:term":[{"taxonomy":"product_brand","embeddable":true,"href":"https:\/\/rowayad.com\/index.php\/wp-json\/wp\/v2\/product_brand?post=28446"},{"taxonomy":"product_cat","embeddable":true,"href":"https:\/\/rowayad.com\/index.php\/wp-json\/wp\/v2\/product_cat?post=28446"},{"taxonomy":"product_tag","embeddable":true,"href":"https:\/\/rowayad.com\/index.php\/wp-json\/wp\/v2\/product_tag?post=28446"}],"curies":[{"name":"wp","href":"https:\/\/api.w.org\/{rel}","templated":true}]}}