{"id":28477,"date":"2026-02-25T17:04:56","date_gmt":"2026-02-25T17:04:56","guid":{"rendered":"https:\/\/rowayad.com\/?post_type=product&#038;p=28477"},"modified":"2026-04-11T13:30:21","modified_gmt":"2026-04-11T13:30:21","slug":"trampoline-enfant-prends-jusqua-200-kg","status":"publish","type":"product","link":"https:\/\/rowayad.com\/index.php\/produit\/trampoline-enfant-prends-jusqua-200-kg\/","title":{"rendered":"Trampoline Enfant -Prends jusqu&rsquo;\u00e0 200 kg"},"content":{"rendered":"<header class=\"-pvs -bb\">\n<h2 class=\"-fs20 -m -phm -pvxs\">D\u00e9tails<\/h2>\n<\/header>\n<div class=\"markup -mhm -pvl -oxa -sc\">Ce magnifique trampoline de jardin pour enfants avec filet de s\u00e9curit\u00e9 permettra \u00e0 vos enfants d\u00e8s 3 ans de s&rsquo;amuser et de se d\u00e9fouler sans aucun danger. Les sauts de trampoline sont b\u00e9n\u00e9fiques et permettent d&rsquo;entra\u00eener endurance, coordination, \u00e9quilibre et agilit\u00e9 ! Caract\u00e9ristiques : &#8211; Trampoline enfants convenable \u00e0 partir de 3 ans jusqu&rsquo;\u00e0 6 ans max.- Trampoline de jardin complet- Multi-\u00e9quipement : filet de s\u00e9curit\u00e9.<\/div>\n<div><\/div>\n<div>\n<h2 class=\"hdr -upp -fs14 -m -pam\">Principales caract\u00e9ristiques<\/h2>\n<div class=\"markup -pam\">\n<ul>\n<li>Couleur : vert<\/li>\n<li>Mat\u00e9riaux principaux : acier galvanis\u00e9, plastique PP et EPE<\/li>\n<li>Dim. totales : 1,40 x 1,22cm<\/li>\n<li>Hauteur surface trampoline: 33 cm<\/li>\n<li>Dim. surface de saut : 1,10 m<\/li>\n<li>Hauteur du filet de s\u00e9curit\u00e9 : 1,20 m<\/li>\n<li>Charge max. recommand\u00e9e : 45 Kg<\/li>\n<li>Certifications normes : EN71-1-2-3-14<\/li>\n<li>Convient aux enfants: de 3 ans \u00e0 6 ans<\/li>\n<\/ul>\n<\/div>\n<\/div>\n","protected":false},"excerpt":{"rendered":"<p>D\u00e9tails Ce magnifique trampoline de jardin pour enfants avec filet de s\u00e9curit\u00e9 permettra \u00e0 vos enfants d\u00e8s 3 ans de<\/p>\n","protected":false},"featured_media":28479,"comment_status":"open","ping_status":"closed","template":"","meta":{"_joinchat":[]},"product_brand":[],"product_cat":[76],"product_tag":[],"class_list":{"0":"post-28477","1":"product","2":"type-product","3":"status-publish","4":"has-post-thumbnail","6":"product_cat-enfant","8":"first","9":"instock","10":"sale","11":"shipping-taxable","12":"purchasable","13":"product-type-simple"},"jetpack_sharing_enabled":true,"_links":{"self":[{"href":"https:\/\/rowayad.com\/index.php\/wp-json\/wp\/v2\/product\/28477","targetHints":{"allow":["GET"]}}],"collection":[{"href":"https:\/\/rowayad.com\/index.php\/wp-json\/wp\/v2\/product"}],"about":[{"href":"https:\/\/rowayad.com\/index.php\/wp-json\/wp\/v2\/types\/product"}],"replies":[{"embeddable":true,"href":"https:\/\/rowayad.com\/index.php\/wp-json\/wp\/v2\/comments?post=28477"}],"version-history":[{"count":1,"href":"https:\/\/rowayad.com\/index.php\/wp-json\/wp\/v2\/product\/28477\/revisions"}],"predecessor-version":[{"id":28480,"href":"https:\/\/rowayad.com\/index.php\/wp-json\/wp\/v2\/product\/28477\/revisions\/28480"}],"wp:featuredmedia":[{"embeddable":true,"href":"https:\/\/rowayad.com\/index.php\/wp-json\/wp\/v2\/media\/28479"}],"wp:attachment":[{"href":"https:\/\/rowayad.com\/index.php\/wp-json\/wp\/v2\/media?parent=28477"}],"wp:term":[{"taxonomy":"product_brand","embeddable":true,"href":"https:\/\/rowayad.com\/index.php\/wp-json\/wp\/v2\/product_brand?post=28477"},{"taxonomy":"product_cat","embeddable":true,"href":"https:\/\/rowayad.com\/index.php\/wp-json\/wp\/v2\/product_cat?post=28477"},{"taxonomy":"product_tag","embeddable":true,"href":"https:\/\/rowayad.com\/index.php\/wp-json\/wp\/v2\/product_tag?post=28477"}],"curies":[{"name":"wp","href":"https:\/\/api.w.org\/{rel}","templated":true}]}}