{"id":28556,"date":"2026-02-26T17:36:03","date_gmt":"2026-02-26T17:36:03","guid":{"rendered":"https:\/\/rowayad.com\/?post_type=product&#038;p=28556"},"modified":"2026-04-11T12:26:08","modified_gmt":"2026-04-11T12:26:08","slug":"bas-de-porte-isolant-bande-detancheite-porte","status":"publish","type":"product","link":"https:\/\/rowayad.com\/index.php\/produit\/bas-de-porte-isolant-bande-detancheite-porte\/","title":{"rendered":"Bas de Porte Isolant, Bande d\u2019\u00e9tanch\u00e9it\u00e9 porte"},"content":{"rendered":"<header class=\"-pvs -bb\">\n<h2 class=\"-fs20 -m -phm -pvxs\">D\u00e9tails<\/h2>\n<\/header>\n<div class=\"markup -mhm -pvl -oxa -sc\">\n<h3>\u00c9conomisez sur votre \u00e9lectricit\u00e9 !<\/h3>\n<p>Utilisez notre bas de porte pour isoler votre int\u00e9rieur, que ce soit pour la porte d\u2019entr\u00e9e, le salon, la cuisine ou les portes des chambres !<\/p>\n<p>Il conserve la fraicheur pour limiter l\u2019utilisation de la climatisation ou du ventilateur et diminuer votre consommation d\u2019\u00e9lectricit\u00e9.<\/p>\n<p>Il r\u00e9duit \u00e9galement le passage:<\/p>\n<ul>\n<li>du bruit<\/li>\n<li>de la lumi\u00e8re<\/li>\n<li>de tous les rampants<\/li>\n<li>des moustiques !<\/li>\n<\/ul>\n<\/div>\n","protected":false},"excerpt":{"rendered":"<h2 class=\"hdr -upp -fs14 -m -pam\">Principales caract\u00e9ristiques<\/h2>\n<div class=\"markup -pam\">\n<p>Couleur : marron<\/p>\n<ul>\n<li>&#8211; Longueur 92 cm<\/li>\n<li>&#8211; Diam\u00e8tre 3 cm<\/li>\n<li>&#8211; \u00c9paisseur de la porte : 4,5 cm maximum<\/li>\n<li>&#8211; Anti-courants d&rsquo;air<\/li>\n<li>&#8211; Isolation phonique<\/li>\n<li>&#8211; Conserve la chaleur<\/li>\n<li>&#8211; Se d\u00e9coupe au ciseau<\/li>\n<\/ul>\n<\/div>\n","protected":false},"featured_media":28557,"comment_status":"open","ping_status":"closed","template":"","meta":{"_joinchat":[]},"product_brand":[],"product_cat":[20,75],"product_tag":[],"class_list":{"0":"post-28556","1":"product","2":"type-product","3":"status-publish","4":"has-post-thumbnail","6":"product_cat-accessoires","7":"product_cat-maison-bureau","9":"first","10":"instock","11":"sale","12":"shipping-taxable","13":"purchasable","14":"product-type-simple"},"jetpack_sharing_enabled":true,"_links":{"self":[{"href":"https:\/\/rowayad.com\/index.php\/wp-json\/wp\/v2\/product\/28556","targetHints":{"allow":["GET"]}}],"collection":[{"href":"https:\/\/rowayad.com\/index.php\/wp-json\/wp\/v2\/product"}],"about":[{"href":"https:\/\/rowayad.com\/index.php\/wp-json\/wp\/v2\/types\/product"}],"replies":[{"embeddable":true,"href":"https:\/\/rowayad.com\/index.php\/wp-json\/wp\/v2\/comments?post=28556"}],"version-history":[{"count":2,"href":"https:\/\/rowayad.com\/index.php\/wp-json\/wp\/v2\/product\/28556\/revisions"}],"predecessor-version":[{"id":28565,"href":"https:\/\/rowayad.com\/index.php\/wp-json\/wp\/v2\/product\/28556\/revisions\/28565"}],"wp:featuredmedia":[{"embeddable":true,"href":"https:\/\/rowayad.com\/index.php\/wp-json\/wp\/v2\/media\/28557"}],"wp:attachment":[{"href":"https:\/\/rowayad.com\/index.php\/wp-json\/wp\/v2\/media?parent=28556"}],"wp:term":[{"taxonomy":"product_brand","embeddable":true,"href":"https:\/\/rowayad.com\/index.php\/wp-json\/wp\/v2\/product_brand?post=28556"},{"taxonomy":"product_cat","embeddable":true,"href":"https:\/\/rowayad.com\/index.php\/wp-json\/wp\/v2\/product_cat?post=28556"},{"taxonomy":"product_tag","embeddable":true,"href":"https:\/\/rowayad.com\/index.php\/wp-json\/wp\/v2\/product_tag?post=28556"}],"curies":[{"name":"wp","href":"https:\/\/api.w.org\/{rel}","templated":true}]}}