{"id":28631,"date":"2026-02-27T12:49:02","date_gmt":"2026-02-27T12:49:02","guid":{"rendered":"https:\/\/rowayad.com\/?post_type=product&#038;p=28631"},"modified":"2026-04-11T11:31:12","modified_gmt":"2026-04-11T11:31:12","slug":"table-pliante-ronde-2-chaises-pliante-pour-petit-espace","status":"publish","type":"product","link":"https:\/\/rowayad.com\/index.php\/produit\/table-pliante-ronde-2-chaises-pliante-pour-petit-espace\/","title":{"rendered":"Table Pliante ronde + 2 Chaises Pliante Pour Petit Espace"},"content":{"rendered":"<header class=\"-pvs -bb\">\n<h2 class=\"-fs20 -m -phm -pvxs\">D\u00e9tails<\/h2>\n<\/header>\n<div class=\"markup -mhm -pvl -oxa -sc\">\n<p>rouvez dans notre boutique des meubles confectionn\u00e9es avec les meilleures bois dure et beau de hautes qualit\u00e9es ainsi que tout accessoire de d\u00e9coration de maison et construction dont vous avez besoin.<\/p>\n<ul>\n<li><b>Table pliante<\/b>\u00a0+<\/li>\n<li>2 chaises pliables con\u00e7ues en bois et en metal<\/li>\n<li>Flexible et facile \u00e0 transporter<\/li>\n<li>pour vos sorties en plein air<\/li>\n<li>ideal pour les enfants et les petits espaces<\/li>\n<li>Table pliante +<\/li>\n<li>2 chaises pliables con\u00e7ues en bois et en metal<\/li>\n<li>Flexible et facile \u00e0 transporter<\/li>\n<li>pour vos sorties en plein air<\/li>\n<li>ideal pour les enfants et les petits espaces<\/li>\n<li>Trouvez dans notre boutique des meubles confectionn\u00e9es avec les meilleures bois dure et beau de hautes qualit\u00e9s ainsi que tout accessoire de d\u00e9coration de maison et construction dont vous avez besoin.<\/li>\n<li>\n<ul>\n<li><b>Table pliante<\/b>\u00a0+<\/li>\n<\/ul>\n<\/li>\n<\/ul>\n<\/div>\n","protected":false},"excerpt":{"rendered":"<h2 class=\"hdr -upp -fs14 -m -pam\">Principales caract\u00e9ristiques<\/h2>\n<div class=\"markup -pam\">\n<ol>\n<li>Table pliante +<\/li>\n<li>2 chaises pliables con\u00e7ues en bois et en metal<\/li>\n<li>Flexible et facile \u00e0 transporter<\/li>\n<li>pour vos sorties en plein air<\/li>\n<li>ideal pour les enfants et les petits espaces<\/li>\n<\/ol>\n<\/div>\n","protected":false},"featured_media":28632,"comment_status":"open","ping_status":"closed","template":"","meta":{"_joinchat":[]},"product_brand":[],"product_cat":[75],"product_tag":[],"class_list":{"0":"post-28631","1":"product","2":"type-product","3":"status-publish","4":"has-post-thumbnail","6":"product_cat-maison-bureau","8":"first","9":"instock","10":"sale","11":"shipping-taxable","12":"purchasable","13":"product-type-simple"},"jetpack_sharing_enabled":true,"_links":{"self":[{"href":"https:\/\/rowayad.com\/index.php\/wp-json\/wp\/v2\/product\/28631","targetHints":{"allow":["GET"]}}],"collection":[{"href":"https:\/\/rowayad.com\/index.php\/wp-json\/wp\/v2\/product"}],"about":[{"href":"https:\/\/rowayad.com\/index.php\/wp-json\/wp\/v2\/types\/product"}],"replies":[{"embeddable":true,"href":"https:\/\/rowayad.com\/index.php\/wp-json\/wp\/v2\/comments?post=28631"}],"version-history":[{"count":2,"href":"https:\/\/rowayad.com\/index.php\/wp-json\/wp\/v2\/product\/28631\/revisions"}],"predecessor-version":[{"id":28636,"href":"https:\/\/rowayad.com\/index.php\/wp-json\/wp\/v2\/product\/28631\/revisions\/28636"}],"wp:featuredmedia":[{"embeddable":true,"href":"https:\/\/rowayad.com\/index.php\/wp-json\/wp\/v2\/media\/28632"}],"wp:attachment":[{"href":"https:\/\/rowayad.com\/index.php\/wp-json\/wp\/v2\/media?parent=28631"}],"wp:term":[{"taxonomy":"product_brand","embeddable":true,"href":"https:\/\/rowayad.com\/index.php\/wp-json\/wp\/v2\/product_brand?post=28631"},{"taxonomy":"product_cat","embeddable":true,"href":"https:\/\/rowayad.com\/index.php\/wp-json\/wp\/v2\/product_cat?post=28631"},{"taxonomy":"product_tag","embeddable":true,"href":"https:\/\/rowayad.com\/index.php\/wp-json\/wp\/v2\/product_tag?post=28631"}],"curies":[{"name":"wp","href":"https:\/\/api.w.org\/{rel}","templated":true}]}}