{"id":28667,"date":"2026-02-27T15:11:37","date_gmt":"2026-02-27T15:11:37","guid":{"rendered":"https:\/\/rowayad.com\/?post_type=product&#038;p=28667"},"modified":"2026-04-10T19:06:43","modified_gmt":"2026-04-10T19:06:43","slug":"couscoussier-4-litres","status":"publish","type":"product","link":"https:\/\/rowayad.com\/index.php\/produit\/couscoussier-4-litres\/","title":{"rendered":"Couscoussier 4 LITRES"},"content":{"rendered":"<header class=\"-pvs -bb\">\n<h2 class=\"-fs20 -m -phm -pvxs\">D\u00e9tails<\/h2>\n<\/header>\n<div class=\"markup -mhm -pvl -oxa -sc\">R\u00e9alisez un bon couscous gr\u00e2ce \u00e0 ce couscoussier tout en inox avec couvercle en inox. Compos\u00e9 d&rsquo;un triple fond, il saura mettre en avant toutes les saveurs de votre plat. Compatible tous feux dont induction, il est \u00e9galement tr\u00e8s robuste contre les agressions quotidiennes.<\/div>\n","protected":false},"excerpt":{"rendered":"<h2 class=\"hdr -upp -fs14 -m -pam\">Principales caract\u00e9ristiques<\/h2>\n<div class=\"markup -pam\">\n<ul>\n<li>Capacit\u00e9: 4 L<\/li>\n<li>Mati\u00e8re: Inox<\/li>\n<li>marque generic<\/li>\n<li>resistant au feu<\/li>\n<li>tr\u00e8s pratique<\/li>\n<\/ul>\n<\/div>\n","protected":false},"featured_media":28668,"comment_status":"open","ping_status":"closed","template":"","meta":{"_joinchat":[]},"product_brand":[],"product_cat":[75],"product_tag":[],"class_list":{"0":"post-28667","1":"product","2":"type-product","3":"status-publish","4":"has-post-thumbnail","6":"product_cat-maison-bureau","8":"first","9":"instock","10":"sale","11":"shipping-taxable","12":"purchasable","13":"product-type-simple"},"jetpack_sharing_enabled":true,"_links":{"self":[{"href":"https:\/\/rowayad.com\/index.php\/wp-json\/wp\/v2\/product\/28667","targetHints":{"allow":["GET"]}}],"collection":[{"href":"https:\/\/rowayad.com\/index.php\/wp-json\/wp\/v2\/product"}],"about":[{"href":"https:\/\/rowayad.com\/index.php\/wp-json\/wp\/v2\/types\/product"}],"replies":[{"embeddable":true,"href":"https:\/\/rowayad.com\/index.php\/wp-json\/wp\/v2\/comments?post=28667"}],"version-history":[{"count":1,"href":"https:\/\/rowayad.com\/index.php\/wp-json\/wp\/v2\/product\/28667\/revisions"}],"predecessor-version":[{"id":28669,"href":"https:\/\/rowayad.com\/index.php\/wp-json\/wp\/v2\/product\/28667\/revisions\/28669"}],"wp:featuredmedia":[{"embeddable":true,"href":"https:\/\/rowayad.com\/index.php\/wp-json\/wp\/v2\/media\/28668"}],"wp:attachment":[{"href":"https:\/\/rowayad.com\/index.php\/wp-json\/wp\/v2\/media?parent=28667"}],"wp:term":[{"taxonomy":"product_brand","embeddable":true,"href":"https:\/\/rowayad.com\/index.php\/wp-json\/wp\/v2\/product_brand?post=28667"},{"taxonomy":"product_cat","embeddable":true,"href":"https:\/\/rowayad.com\/index.php\/wp-json\/wp\/v2\/product_cat?post=28667"},{"taxonomy":"product_tag","embeddable":true,"href":"https:\/\/rowayad.com\/index.php\/wp-json\/wp\/v2\/product_tag?post=28667"}],"curies":[{"name":"wp","href":"https:\/\/api.w.org\/{rel}","templated":true}]}}