{"id":28682,"date":"2026-02-27T15:34:06","date_gmt":"2026-02-27T15:34:06","guid":{"rendered":"https:\/\/rowayad.com\/?post_type=product&#038;p=28682"},"modified":"2026-04-10T18:58:59","modified_gmt":"2026-04-10T18:58:59","slug":"ventilateur-roch-rsf-1801-d-sur-pied-18-pouces-original","status":"publish","type":"product","link":"https:\/\/rowayad.com\/index.php\/produit\/ventilateur-roch-rsf-1801-d-sur-pied-18-pouces-original\/","title":{"rendered":"Ventilateur Roch RSF-1801-D sur pied &#8211; 18 pouces Original"},"content":{"rendered":"<header class=\"-pvs -bb\">\n<h2 class=\"-fs20 -m -phm -pvxs\">D\u00e9tails<\/h2>\n<\/header>\n<div class=\"markup -mhm -pvl -oxa -sc\">\n<ul>\n<li><\/li>\n<\/ul>\n<p>Pour que vos enfants soient en s\u00e9curit\u00e9 \u00e0 la maison. Grille solide. Conforme aux normes de s\u00e9curit\u00e9 INTERNATIONALES et EUROP\u00c9ENNES en mati\u00e8re de grilles. Grille renforc\u00e9e.<\/p>\n<h2>Plus Econome en Energie<img style=\"color: #333333; font-size: 16px;\" alt=\"\" data-src=\"denied:data:image\/gif;base64,R0lGODlhAQABAIAAAAAAAP\/yH5BAEAAAAALAAAAAABAAEAAAIBRAA7\" data-lazy-error=\"true\" \/><\/h2>\n<p>Ce ventilateur \u00e9conomique consomme moins d\u2019\u00e9nergie, m\u00eame r\u00e9gl\u00e9 sur la position Max. Prot\u00e9gez\u00a0<strong>l\u2019environnement\u00a0<\/strong>et faites des \u00e9conomies. *Comparativement au mod\u00e8le Classic pr\u00e9c\u00e9dent, r\u00e9gl\u00e9 sur Max<\/p>\n<h2>4 Vitesses<\/h2>\n<p>S\u00e9lectionnez l&rsquo;intensit\u00e9 de ventilation d\u00e9sir\u00e9e parmi les 4 vitesses propos\u00e9es qui s&rsquo;adapteront \u00e0 toutes les situations de votre quotidien<\/p>\n<h2>Grand Diam\u00e8tre<\/h2>\n<\/div>\n","protected":false},"excerpt":{"rendered":"<h2 class=\"hdr -upp -fs14 -m -pam\">Principales caract\u00e9ristiques<\/h2>\n<div class=\"markup -pam\">\n<ul>\n<li>Marque: Roch<\/li>\n<li>Produit: Ventilateur Sur Pied<\/li>\n<li>Model : RSF-1801D<\/li>\n<li>Taille: 18\u201d<\/li>\n<li>Puissance: 55w<\/li>\n<\/ul>\n<\/div>\n","protected":false},"featured_media":28683,"comment_status":"open","ping_status":"closed","template":"","meta":{"_joinchat":[]},"product_brand":[],"product_cat":[74,75],"product_tag":[],"class_list":{"0":"post-28682","1":"product","2":"type-product","3":"status-publish","4":"has-post-thumbnail","6":"product_cat-electromenager","7":"product_cat-maison-bureau","9":"first","10":"instock","11":"sale","12":"shipping-taxable","13":"purchasable","14":"product-type-simple"},"jetpack_sharing_enabled":true,"_links":{"self":[{"href":"https:\/\/rowayad.com\/index.php\/wp-json\/wp\/v2\/product\/28682","targetHints":{"allow":["GET"]}}],"collection":[{"href":"https:\/\/rowayad.com\/index.php\/wp-json\/wp\/v2\/product"}],"about":[{"href":"https:\/\/rowayad.com\/index.php\/wp-json\/wp\/v2\/types\/product"}],"replies":[{"embeddable":true,"href":"https:\/\/rowayad.com\/index.php\/wp-json\/wp\/v2\/comments?post=28682"}],"version-history":[{"count":2,"href":"https:\/\/rowayad.com\/index.php\/wp-json\/wp\/v2\/product\/28682\/revisions"}],"predecessor-version":[{"id":29173,"href":"https:\/\/rowayad.com\/index.php\/wp-json\/wp\/v2\/product\/28682\/revisions\/29173"}],"wp:featuredmedia":[{"embeddable":true,"href":"https:\/\/rowayad.com\/index.php\/wp-json\/wp\/v2\/media\/28683"}],"wp:attachment":[{"href":"https:\/\/rowayad.com\/index.php\/wp-json\/wp\/v2\/media?parent=28682"}],"wp:term":[{"taxonomy":"product_brand","embeddable":true,"href":"https:\/\/rowayad.com\/index.php\/wp-json\/wp\/v2\/product_brand?post=28682"},{"taxonomy":"product_cat","embeddable":true,"href":"https:\/\/rowayad.com\/index.php\/wp-json\/wp\/v2\/product_cat?post=28682"},{"taxonomy":"product_tag","embeddable":true,"href":"https:\/\/rowayad.com\/index.php\/wp-json\/wp\/v2\/product_tag?post=28682"}],"curies":[{"name":"wp","href":"https:\/\/api.w.org\/{rel}","templated":true}]}}