{"id":28707,"date":"2026-02-27T16:23:31","date_gmt":"2026-02-27T16:23:31","guid":{"rendered":"https:\/\/rowayad.com\/?post_type=product&#038;p=28707"},"modified":"2026-04-10T18:42:14","modified_gmt":"2026-04-10T18:42:14","slug":"principales-caracteristiques-poele-a-charbon-electrique-bruleur-a-charbon-couleur-noir-plaque-chauffante-facil-a-utiliser","status":"publish","type":"product","link":"https:\/\/rowayad.com\/index.php\/produit\/principales-caracteristiques-poele-a-charbon-electrique-bruleur-a-charbon-couleur-noir-plaque-chauffante-facil-a-utiliser\/","title":{"rendered":"Table Tv et Table Basse &#8211; Meuble TV moderne avec portes et tiroirs de rangement compartiment\u00e9e pour le salon, couloir et chambre &#8211; Console Tv &#8211; Meuble Tv et Table Basse"},"content":{"rendered":"<header class=\"-pvs -bb\">\n<h2 class=\"-fs20 -m -phm -pvxs\">D\u00e9tails<\/h2>\n<\/header>\n<div class=\"markup -mhm -pvl -oxa -sc\">\n<p>.Ce meuble TV et table basse moderne sot parfait pour les chambres et les salons, offrant un ajout \u00e9l\u00e9gant et fonctionnel \u00e0 n&rsquo;importe quel espace.<\/p>\n<p>SOLUTION D&rsquo;\u00c9CONOMIE D&rsquo;ESPACE : Con\u00e7ue pour les petits appartements, cette armoire de sol offre une solution de rangement compacte mais efficace pour vos essentiels de divertissement.<\/p>\n<p>Avec une disposition de s\u00e9paration raisonnable et un tiroir de rangement, ce meuble TV vous permet d&rsquo;organiser et de ranger facilement vos appareils multim\u00e9dias, vos c\u00e2bles et autres accessoires.<\/p>\n<p>STABLE ET DURABLE : Construit avec des mat\u00e9riaux de haute qualit\u00e9, ce meuble offre une stabilit\u00e9 fiable et peut supporter le poids de votre t\u00e9l\u00e9viseur et d&rsquo;autres objets.<\/p>\n<p>Le design tient compte de l&rsquo;\u00e9cart \u00e0 l&rsquo;arri\u00e8re de l&rsquo;armoire, ce qui permet un acc\u00e8s et un nettoyage faciles du sol pendant le nettoyage pour maintenir l&rsquo;hygi\u00e8ne g\u00e9n\u00e9rale.<\/p>\n<p>Portable et mobile : la structure de l&rsquo;armoire est l\u00e9g\u00e8re et facile \u00e0 d\u00e9placer et \u00e0 organiser, ce qui rend la disposition de la maison plus flexible et pratique pour le nettoyage et l&rsquo;entretien.<\/p>\n<p>Rangement profond : l&rsquo;\u00e9largissement de 29 cm offre un espace de rangement profond spacieux qui peut accueillir une vari\u00e9t\u00e9 d&rsquo;articles m\u00e9nagers, rendant l&rsquo;organisation plus ordonn\u00e9e et pratique.<\/p>\n<p>Grand plan de travail : le plan de travail est spacieux et peut accueillir divers besoins quotidiens, tels que les t\u00e9l\u00e9viseurs, les \u00e9quipements audio et les articles d\u00e9coratifs, tout en offrant suffisamment d&rsquo;espace de placement pour une utilisation et un rangement faciles.<\/p>\n<p>Plaque \u00e9paissie : la conception de la plaque \u00e9paisse am\u00e9liore la stabilit\u00e9 et la capacit\u00e9 de charge de l&rsquo;armoire, assurant la stabilit\u00e9 et la durabilit\u00e9 lors d&rsquo;une utilisation \u00e0 long terme.<\/p>\n<\/div>\n","protected":false},"excerpt":{"rendered":"<h2 class=\"hdr -upp -fs14 -m -pam\">Principales caract\u00e9ristiques<\/h2>\n<div class=\"markup -pam\">\n<ul>\n<li>Meuble tv et table basse<\/li>\n<li>Table TV et table basse<\/li>\n<li>CONCEPTION POLYVALENTE<\/li>\n<li>SOLUTION D&rsquo;\u00c9CONOMIE D&rsquo;ESPACE<\/li>\n<li>RANGEMENT AMPLE<\/li>\n<li>STABLE ET DURABLE<\/li>\n<li>Plaque \u00e9paissie<\/li>\n<li>Console<\/li>\n<\/ul>\n<\/div>\n","protected":false},"featured_media":28708,"comment_status":"open","ping_status":"closed","template":"","meta":{"_joinchat":[]},"product_brand":[],"product_cat":[75],"product_tag":[],"class_list":{"0":"post-28707","1":"product","2":"type-product","3":"status-publish","4":"has-post-thumbnail","6":"product_cat-maison-bureau","8":"first","9":"instock","10":"sale","11":"shipping-taxable","12":"purchasable","13":"product-type-simple"},"jetpack_sharing_enabled":true,"_links":{"self":[{"href":"https:\/\/rowayad.com\/index.php\/wp-json\/wp\/v2\/product\/28707","targetHints":{"allow":["GET"]}}],"collection":[{"href":"https:\/\/rowayad.com\/index.php\/wp-json\/wp\/v2\/product"}],"about":[{"href":"https:\/\/rowayad.com\/index.php\/wp-json\/wp\/v2\/types\/product"}],"replies":[{"embeddable":true,"href":"https:\/\/rowayad.com\/index.php\/wp-json\/wp\/v2\/comments?post=28707"}],"version-history":[{"count":3,"href":"https:\/\/rowayad.com\/index.php\/wp-json\/wp\/v2\/product\/28707\/revisions"}],"predecessor-version":[{"id":28711,"href":"https:\/\/rowayad.com\/index.php\/wp-json\/wp\/v2\/product\/28707\/revisions\/28711"}],"wp:featuredmedia":[{"embeddable":true,"href":"https:\/\/rowayad.com\/index.php\/wp-json\/wp\/v2\/media\/28708"}],"wp:attachment":[{"href":"https:\/\/rowayad.com\/index.php\/wp-json\/wp\/v2\/media?parent=28707"}],"wp:term":[{"taxonomy":"product_brand","embeddable":true,"href":"https:\/\/rowayad.com\/index.php\/wp-json\/wp\/v2\/product_brand?post=28707"},{"taxonomy":"product_cat","embeddable":true,"href":"https:\/\/rowayad.com\/index.php\/wp-json\/wp\/v2\/product_cat?post=28707"},{"taxonomy":"product_tag","embeddable":true,"href":"https:\/\/rowayad.com\/index.php\/wp-json\/wp\/v2\/product_tag?post=28707"}],"curies":[{"name":"wp","href":"https:\/\/api.w.org\/{rel}","templated":true}]}}