{"id":28735,"date":"2026-02-27T18:11:30","date_gmt":"2026-02-27T18:11:30","guid":{"rendered":"https:\/\/rowayad.com\/?post_type=product&#038;p=28735"},"modified":"2026-04-10T18:08:08","modified_gmt":"2026-04-10T18:08:08","slug":"extenseurs-de-coffre-resistance-maximale-50-kg","status":"publish","type":"product","link":"https:\/\/rowayad.com\/index.php\/produit\/extenseurs-de-coffre-resistance-maximale-50-kg\/","title":{"rendered":"Extenseurs de coffre R\u00e9sistance maximale: 50 KG"},"content":{"rendered":"<header class=\"-pvs -bb\">\n<h2 class=\"-fs20 -m -phm -pvxs\">D\u00e9tails<\/h2>\n<\/header>\n<div class=\"markup -mhm -pvl -oxa -sc\">\n<ol>\n<li>Expander de la poitrine<\/li>\n<li>\u25b2 Mat\u00e9riaux &#8211; Ressorts en acier au carbone de qualit\u00e9 sup\u00e9rieure et poign\u00e9e en plastique antid\u00e9rapante, convient aux jeunes, aux adultes, aux d\u00e9butants, aux exerciseurs de la poitrine, au constructeur de la poitrine et des bras.<\/li>\n<li>\u25b2 Ressort de r\u00e9sistance extra-puissant &#8211; Id\u00e9al pour d\u00e9velopper la force du haut du corps, comme les exercices pour les bras, les \u00e9paules et la poitrine.<\/li>\n<li>\u25b2 Sangles de s\u00e9curit\u00e9 sur les poign\u00e9es &#8211; Conception am\u00e9lior\u00e9e avec des sangles pour que la tige reste dans vos mains.<\/li>\n<li>\u25b2 Outil d&rsquo;exercice parfait &#8211; Mat\u00e9riaux de qualit\u00e9 sup\u00e9rieure et portable pour des exercices de confort \u00e0 la maison, au bureau ou en voyage.<\/li>\n<li>\u25b2 Appareil d&rsquo;exercices Perfect Fitness &#8211; Renforce la poitrine, le dos, les \u00e9paules, les biceps et le grip, machine pour extenseur de la poitrine.<\/li>\n<\/ol>\n<\/div>\n","protected":false},"excerpt":{"rendered":"<h2 class=\"hdr -upp -fs14 -m -pam\">Principales caract\u00e9ristiques<\/h2>\n<div class=\"markup -pam\">\n<ol>\n<li>Mat\u00e9riau des ressorts: fil d&rsquo;acier inoxydable \u00e0 ressort en carbone<\/li>\n<li>Mat\u00e9riau de la poign\u00e9e: Mat\u00e9riaux ABS<\/li>\n<li>R\u00e9sistance maximale: .50kg<\/li>\n<li>Longueur maximale: 150 cm<\/li>\n<li>Facile \u00e0 d\u00e9placer, il vous suivra au bureau comme \u00e0 la maison<\/li>\n<\/ol>\n<\/div>\n","protected":false},"featured_media":28736,"comment_status":"open","ping_status":"closed","template":"","meta":{"_joinchat":[]},"product_brand":[],"product_cat":[73],"product_tag":[],"class_list":{"0":"post-28735","1":"product","2":"type-product","3":"status-publish","4":"has-post-thumbnail","6":"product_cat-sport","8":"first","9":"instock","10":"sale","11":"shipping-taxable","12":"purchasable","13":"product-type-simple"},"jetpack_sharing_enabled":true,"_links":{"self":[{"href":"https:\/\/rowayad.com\/index.php\/wp-json\/wp\/v2\/product\/28735","targetHints":{"allow":["GET"]}}],"collection":[{"href":"https:\/\/rowayad.com\/index.php\/wp-json\/wp\/v2\/product"}],"about":[{"href":"https:\/\/rowayad.com\/index.php\/wp-json\/wp\/v2\/types\/product"}],"replies":[{"embeddable":true,"href":"https:\/\/rowayad.com\/index.php\/wp-json\/wp\/v2\/comments?post=28735"}],"version-history":[{"count":1,"href":"https:\/\/rowayad.com\/index.php\/wp-json\/wp\/v2\/product\/28735\/revisions"}],"predecessor-version":[{"id":28741,"href":"https:\/\/rowayad.com\/index.php\/wp-json\/wp\/v2\/product\/28735\/revisions\/28741"}],"wp:featuredmedia":[{"embeddable":true,"href":"https:\/\/rowayad.com\/index.php\/wp-json\/wp\/v2\/media\/28736"}],"wp:attachment":[{"href":"https:\/\/rowayad.com\/index.php\/wp-json\/wp\/v2\/media?parent=28735"}],"wp:term":[{"taxonomy":"product_brand","embeddable":true,"href":"https:\/\/rowayad.com\/index.php\/wp-json\/wp\/v2\/product_brand?post=28735"},{"taxonomy":"product_cat","embeddable":true,"href":"https:\/\/rowayad.com\/index.php\/wp-json\/wp\/v2\/product_cat?post=28735"},{"taxonomy":"product_tag","embeddable":true,"href":"https:\/\/rowayad.com\/index.php\/wp-json\/wp\/v2\/product_tag?post=28735"}],"curies":[{"name":"wp","href":"https:\/\/api.w.org\/{rel}","templated":true}]}}