{"id":28757,"date":"2026-02-28T13:48:13","date_gmt":"2026-02-28T13:48:13","guid":{"rendered":"https:\/\/rowayad.com\/?post_type=product&#038;p=28757"},"modified":"2026-04-10T17:52:13","modified_gmt":"2026-04-10T17:52:13","slug":"plateau-de-petit-dejeuner-au-lit-pliable-bois","status":"publish","type":"product","link":"https:\/\/rowayad.com\/index.php\/produit\/plateau-de-petit-dejeuner-au-lit-pliable-bois\/","title":{"rendered":"Plateau de Petit D\u00e9jeuner au Lit &#8211; Pliable &#8211; Bois"},"content":{"rendered":"<header class=\"-pvs -bb\">\n<h2 class=\"-fs20 -m -phm -pvxs\">D\u00e9tails<\/h2>\n<\/header>\n<div class=\"markup -mhm -pvl -oxa -sc\">\n<p>Plateau en\u00a0<b>bois<\/b>\u00a0pour petit d\u00e9jeuner<\/p>\n<p>Id\u00e9ale pour ne pas quitter le lit le matin et surtout une petite touche de romantisme.<\/p>\n<p>Les pieds de la table sont doublement renforc\u00e9s pour assurer une stabilit\u00e9 \u00e0 la table. Les pieds sont li\u00e9s \u00e0 la table par des chevilles de bois et non pas par des vis en m\u00e9tal, gr\u00e2ce \u00e0 cela le bois de s&rsquo;use pas et les pieds ne tombent pas.<\/p>\n<p>Il peut aussi \u00eatre utilis\u00e9 comme plateau apr\u00e8s avoir pli\u00e9 ses pieds. On peut l&rsquo;utiliser comme table de lit pour\u00a0<b>ordinateur<\/b>, pour servir le th\u00e9.<\/p>\n<\/div>\n","protected":false},"excerpt":{"rendered":"<h2 class=\"hdr -upp -fs14 -m -pam\">Principales caract\u00e9ristiques<\/h2>\n<div class=\"markup -pam\">\n<ul>\n<li>Produit: Table de petit d\u00e9jeuner<\/li>\n<li>Particularit\u00e9: Pliable<\/li>\n<li>Multifonction<\/li>\n<li>Mati\u00e8re: Bois<\/li>\n<li>Couleur: Marron<\/li>\n<\/ul>\n<\/div>\n","protected":false},"featured_media":28761,"comment_status":"open","ping_status":"closed","template":"","meta":{"_joinchat":[]},"product_brand":[],"product_cat":[75],"product_tag":[],"class_list":{"0":"post-28757","1":"product","2":"type-product","3":"status-publish","4":"has-post-thumbnail","6":"product_cat-maison-bureau","8":"first","9":"instock","10":"sale","11":"shipping-taxable","12":"purchasable","13":"product-type-simple"},"jetpack_sharing_enabled":true,"_links":{"self":[{"href":"https:\/\/rowayad.com\/index.php\/wp-json\/wp\/v2\/product\/28757","targetHints":{"allow":["GET"]}}],"collection":[{"href":"https:\/\/rowayad.com\/index.php\/wp-json\/wp\/v2\/product"}],"about":[{"href":"https:\/\/rowayad.com\/index.php\/wp-json\/wp\/v2\/types\/product"}],"replies":[{"embeddable":true,"href":"https:\/\/rowayad.com\/index.php\/wp-json\/wp\/v2\/comments?post=28757"}],"version-history":[{"count":1,"href":"https:\/\/rowayad.com\/index.php\/wp-json\/wp\/v2\/product\/28757\/revisions"}],"predecessor-version":[{"id":28764,"href":"https:\/\/rowayad.com\/index.php\/wp-json\/wp\/v2\/product\/28757\/revisions\/28764"}],"wp:featuredmedia":[{"embeddable":true,"href":"https:\/\/rowayad.com\/index.php\/wp-json\/wp\/v2\/media\/28761"}],"wp:attachment":[{"href":"https:\/\/rowayad.com\/index.php\/wp-json\/wp\/v2\/media?parent=28757"}],"wp:term":[{"taxonomy":"product_brand","embeddable":true,"href":"https:\/\/rowayad.com\/index.php\/wp-json\/wp\/v2\/product_brand?post=28757"},{"taxonomy":"product_cat","embeddable":true,"href":"https:\/\/rowayad.com\/index.php\/wp-json\/wp\/v2\/product_cat?post=28757"},{"taxonomy":"product_tag","embeddable":true,"href":"https:\/\/rowayad.com\/index.php\/wp-json\/wp\/v2\/product_tag?post=28757"}],"curies":[{"name":"wp","href":"https:\/\/api.w.org\/{rel}","templated":true}]}}