{"id":28839,"date":"2026-02-28T16:00:47","date_gmt":"2026-02-28T16:00:47","guid":{"rendered":"https:\/\/rowayad.com\/?post_type=product&#038;p=28839"},"modified":"2026-04-10T11:25:54","modified_gmt":"2026-04-10T11:25:54","slug":"lot-de-2-tables-basses-pour-le-salon-tables-basses-rondes-avec-cadre-en-metal","status":"publish","type":"product","link":"https:\/\/rowayad.com\/index.php\/produit\/lot-de-2-tables-basses-pour-le-salon-tables-basses-rondes-avec-cadre-en-metal\/","title":{"rendered":"Lot de 2 Tables Basses pour Le Salon, Tables Basses Rondes avec Cadre en M\u00e9tal"},"content":{"rendered":"<p>Description<\/p>\n<h2>Cette table basse moderne pour 2 personnes est con\u00e7ue avec un cadre m\u00e9tallique Rond \u00e9l\u00e9gant et des finitions chaudes en bois pour cr\u00e9er une sensation accueillante et fournir suffisamment d&rsquo;espace pour les boissons ou les d\u00e9corations.<br \/>\nId\u00e9al comme pi\u00e8ce cl\u00e9 ou pi\u00e8ce centrale pour apporter le style moderne dans votre maison<\/h2>\n","protected":false},"excerpt":{"rendered":"<h2 class=\"hdr -upp -fs14 -m -pam\">Principales caract\u00e9ristiques<\/h2>\n<div class=\"markup -pam\">\n<p>CARACT\u00c9RISTIQUES<br \/>\n\u25b6 Comptoir r\u00e9sistant \u00e0 l&rsquo;eau et aux rayures<br \/>\n\u25b6 Protection du plancher non marqu\u00e9e<br \/>\n\u25b6 Expansion et contraction libres sans espace<br \/>\n\u25b6 Cadre en acier \u00e9largi, base stable<br \/>\n\u25b6 Les bords du processus de flexion doivent \u00eatre liss\u00e9s.<\/p>\n<p><strong>Pr\u00e9voir le montage<\/strong><\/p>\n<\/div>\n","protected":false},"featured_media":28840,"comment_status":"open","ping_status":"closed","template":"","meta":{"_joinchat":[]},"product_brand":[],"product_cat":[75],"product_tag":[],"class_list":{"0":"post-28839","1":"product","2":"type-product","3":"status-publish","4":"has-post-thumbnail","6":"product_cat-maison-bureau","8":"first","9":"instock","10":"sale","11":"shipping-taxable","12":"purchasable","13":"product-type-simple"},"jetpack_sharing_enabled":true,"_links":{"self":[{"href":"https:\/\/rowayad.com\/index.php\/wp-json\/wp\/v2\/product\/28839","targetHints":{"allow":["GET"]}}],"collection":[{"href":"https:\/\/rowayad.com\/index.php\/wp-json\/wp\/v2\/product"}],"about":[{"href":"https:\/\/rowayad.com\/index.php\/wp-json\/wp\/v2\/types\/product"}],"replies":[{"embeddable":true,"href":"https:\/\/rowayad.com\/index.php\/wp-json\/wp\/v2\/comments?post=28839"}],"version-history":[{"count":1,"href":"https:\/\/rowayad.com\/index.php\/wp-json\/wp\/v2\/product\/28839\/revisions"}],"predecessor-version":[{"id":28841,"href":"https:\/\/rowayad.com\/index.php\/wp-json\/wp\/v2\/product\/28839\/revisions\/28841"}],"wp:featuredmedia":[{"embeddable":true,"href":"https:\/\/rowayad.com\/index.php\/wp-json\/wp\/v2\/media\/28840"}],"wp:attachment":[{"href":"https:\/\/rowayad.com\/index.php\/wp-json\/wp\/v2\/media?parent=28839"}],"wp:term":[{"taxonomy":"product_brand","embeddable":true,"href":"https:\/\/rowayad.com\/index.php\/wp-json\/wp\/v2\/product_brand?post=28839"},{"taxonomy":"product_cat","embeddable":true,"href":"https:\/\/rowayad.com\/index.php\/wp-json\/wp\/v2\/product_cat?post=28839"},{"taxonomy":"product_tag","embeddable":true,"href":"https:\/\/rowayad.com\/index.php\/wp-json\/wp\/v2\/product_tag?post=28839"}],"curies":[{"name":"wp","href":"https:\/\/api.w.org\/{rel}","templated":true}]}}