{"id":28869,"date":"2026-02-28T17:58:32","date_gmt":"2026-02-28T17:58:32","guid":{"rendered":"https:\/\/rowayad.com\/?post_type=product&#038;p=28869"},"modified":"2026-04-10T11:17:11","modified_gmt":"2026-04-10T11:17:11","slug":"tapis-pose-pieds-pour-porte","status":"publish","type":"product","link":"https:\/\/rowayad.com\/index.php\/produit\/tapis-pose-pieds-pour-porte\/","title":{"rendered":"Tapis pose pieds pour porte"},"content":{"rendered":"<header class=\"-pvs -bb\">\n<h2 class=\"-fs20 -m -phm -pvxs\">D\u00e9tails<\/h2>\n<\/header>\n<div class=\"markup -mhm -pvl -oxa -sc\">\n<p>Pose pieds antid\u00e9rapant pour porte d&rsquo;entr\u00e9e. Poser un tapis devant votre porte est un signe pour montrer aux personnes entrant qu&rsquo;elles peuvent laisser leurs chaussures \u00e0 la porte ou bien entrer sans probl\u00e8me. Ce tapis ou est \u00e9crit WELCOME montre que vous souhaitez une bienvenue \u00e0 vos visiteurs.<\/p>\n<\/div>\n","protected":false},"excerpt":{"rendered":"<h2 class=\"hdr -upp -fs14 -m -pam\">Principales caract\u00e9ristiques<\/h2>\n<div class=\"markup -pam\">\n<ul>\n<li>Forme: Rectangle<\/li>\n<li>Mati\u00e8re : plastique<\/li>\n<li>Tapis d&rsquo;entr\u00e9e<\/li>\n<li>Antid\u00e9rapant<\/li>\n<li>Pose pieds de luxe<\/li>\n<\/ul>\n<\/div>\n","protected":false},"featured_media":28870,"comment_status":"open","ping_status":"closed","template":"","meta":{"_joinchat":[]},"product_brand":[],"product_cat":[20,75],"product_tag":[],"class_list":{"0":"post-28869","1":"product","2":"type-product","3":"status-publish","4":"has-post-thumbnail","6":"product_cat-accessoires","7":"product_cat-maison-bureau","9":"first","10":"instock","11":"sale","12":"shipping-taxable","13":"purchasable","14":"product-type-simple"},"jetpack_sharing_enabled":true,"_links":{"self":[{"href":"https:\/\/rowayad.com\/index.php\/wp-json\/wp\/v2\/product\/28869","targetHints":{"allow":["GET"]}}],"collection":[{"href":"https:\/\/rowayad.com\/index.php\/wp-json\/wp\/v2\/product"}],"about":[{"href":"https:\/\/rowayad.com\/index.php\/wp-json\/wp\/v2\/types\/product"}],"replies":[{"embeddable":true,"href":"https:\/\/rowayad.com\/index.php\/wp-json\/wp\/v2\/comments?post=28869"}],"version-history":[{"count":1,"href":"https:\/\/rowayad.com\/index.php\/wp-json\/wp\/v2\/product\/28869\/revisions"}],"predecessor-version":[{"id":28871,"href":"https:\/\/rowayad.com\/index.php\/wp-json\/wp\/v2\/product\/28869\/revisions\/28871"}],"wp:featuredmedia":[{"embeddable":true,"href":"https:\/\/rowayad.com\/index.php\/wp-json\/wp\/v2\/media\/28870"}],"wp:attachment":[{"href":"https:\/\/rowayad.com\/index.php\/wp-json\/wp\/v2\/media?parent=28869"}],"wp:term":[{"taxonomy":"product_brand","embeddable":true,"href":"https:\/\/rowayad.com\/index.php\/wp-json\/wp\/v2\/product_brand?post=28869"},{"taxonomy":"product_cat","embeddable":true,"href":"https:\/\/rowayad.com\/index.php\/wp-json\/wp\/v2\/product_cat?post=28869"},{"taxonomy":"product_tag","embeddable":true,"href":"https:\/\/rowayad.com\/index.php\/wp-json\/wp\/v2\/product_tag?post=28869"}],"curies":[{"name":"wp","href":"https:\/\/api.w.org\/{rel}","templated":true}]}}