{"id":28878,"date":"2026-02-28T18:24:31","date_gmt":"2026-02-28T18:24:31","guid":{"rendered":"https:\/\/rowayad.com\/?post_type=product&#038;p=28878"},"modified":"2026-04-10T11:10:49","modified_gmt":"2026-04-10T11:10:49","slug":"table-de-bureau-avec-bibliotheque-integree-et-tiroirs","status":"publish","type":"product","link":"https:\/\/rowayad.com\/index.php\/produit\/table-de-bureau-avec-bibliotheque-integree-et-tiroirs\/","title":{"rendered":"Table de bureau avec biblioth\u00e8que int\u00e9gr\u00e9e et tiroirs"},"content":{"rendered":"<header class=\"-pvs -bb\">\n<h2 class=\"-fs20 -m -phm -pvxs\">D\u00e9tails<\/h2>\n<\/header>\n<div class=\"markup -mhm -pvl -oxa -sc\"><b>DESIGN<\/b> ESTH\u00c9TIQUE: Ce bureau unique, fait de blanc conviendra tr\u00e8s bien \u00e0 votre int\u00e9rieur.<br \/>\nCE QUE NOUS OFFRONS: Ce bureau peu encombrant vous permet d&rsquo;acc\u00e9der facilement \u00e0 tout ce dont vous avez besoin. N&rsquo;est-il pas temps de d\u00e9corer votre int\u00e9rieur rapidement et \u00e0 moindre co\u00fbt selon votre propre style? Avec ses dimensions de 120cm vous pouvez \u00eatre absolument s\u00fbr d&rsquo;avoir fait le bon choix pour votre maison.<br \/>\nCR\u00c9EZ UN BUREAU \u00c0 DOMICILE OU UNE\u00a0<b>CHAMBRE<\/b>\u00a0DE\u00a0<b>JEUNESSE<\/b>: si vous n&rsquo;avez pas de bureau ou m\u00eame d&rsquo;espace de travail \u00e0 la maison, ce bureau d&rsquo;ordinateur vous aidera \u00e0 cr\u00e9er un espace polyvalent parfait pour diff\u00e9rentes pi\u00e8ces. Id\u00e9al pour les adultes et les enfants qui travaillent \u00e0 l&rsquo;ordinateur, jouent \u00e0 des jeux vid\u00e9o ou font leurs devoirs.<\/div>\n","protected":false},"excerpt":{"rendered":"<h2 class=\"hdr -upp -fs14 -m -pam\">Principales caract\u00e9ristiques<\/h2>\n<div class=\"markup -pam\">\n<ul>\n<li>Forme Rectangulaire<\/li>\n<li>Design du bureau d&rsquo;ordinateur<\/li>\n<li>Dimensions du produit 120cm hauteur 160 centim\u00e8tres<\/li>\n<li>Couleur Blanc<\/li>\n<li>Style Moderne<\/li>\n<\/ul>\n<\/div>\n","protected":false},"featured_media":28879,"comment_status":"open","ping_status":"closed","template":"","meta":{"_joinchat":[]},"product_brand":[],"product_cat":[76,75],"product_tag":[],"class_list":{"0":"post-28878","1":"product","2":"type-product","3":"status-publish","4":"has-post-thumbnail","6":"product_cat-enfant","7":"product_cat-maison-bureau","9":"first","10":"instock","11":"sale","12":"shipping-taxable","13":"purchasable","14":"product-type-simple"},"jetpack_sharing_enabled":true,"_links":{"self":[{"href":"https:\/\/rowayad.com\/index.php\/wp-json\/wp\/v2\/product\/28878","targetHints":{"allow":["GET"]}}],"collection":[{"href":"https:\/\/rowayad.com\/index.php\/wp-json\/wp\/v2\/product"}],"about":[{"href":"https:\/\/rowayad.com\/index.php\/wp-json\/wp\/v2\/types\/product"}],"replies":[{"embeddable":true,"href":"https:\/\/rowayad.com\/index.php\/wp-json\/wp\/v2\/comments?post=28878"}],"version-history":[{"count":1,"href":"https:\/\/rowayad.com\/index.php\/wp-json\/wp\/v2\/product\/28878\/revisions"}],"predecessor-version":[{"id":28883,"href":"https:\/\/rowayad.com\/index.php\/wp-json\/wp\/v2\/product\/28878\/revisions\/28883"}],"wp:featuredmedia":[{"embeddable":true,"href":"https:\/\/rowayad.com\/index.php\/wp-json\/wp\/v2\/media\/28879"}],"wp:attachment":[{"href":"https:\/\/rowayad.com\/index.php\/wp-json\/wp\/v2\/media?parent=28878"}],"wp:term":[{"taxonomy":"product_brand","embeddable":true,"href":"https:\/\/rowayad.com\/index.php\/wp-json\/wp\/v2\/product_brand?post=28878"},{"taxonomy":"product_cat","embeddable":true,"href":"https:\/\/rowayad.com\/index.php\/wp-json\/wp\/v2\/product_cat?post=28878"},{"taxonomy":"product_tag","embeddable":true,"href":"https:\/\/rowayad.com\/index.php\/wp-json\/wp\/v2\/product_tag?post=28878"}],"curies":[{"name":"wp","href":"https:\/\/api.w.org\/{rel}","templated":true}]}}