{"id":28901,"date":"2026-03-02T13:51:28","date_gmt":"2026-03-02T13:51:28","guid":{"rendered":"https:\/\/rowayad.com\/?post_type=product&#038;p=28901"},"modified":"2026-03-17T20:10:07","modified_gmt":"2026-03-17T20:10:07","slug":"chaise-fauteuil-visiteur-en-simili-cuir-noir-en-metal","status":"publish","type":"product","link":"https:\/\/rowayad.com\/index.php\/produit\/chaise-fauteuil-visiteur-en-simili-cuir-noir-en-metal\/","title":{"rendered":"Chaise \/ Fauteuil visiteur en simili cuir noir en metal"},"content":{"rendered":"<header class=\"-pvs -bb\">\n<h2 class=\"-fs20 -m -phm -pvxs\">D\u00e9tails<\/h2>\n<\/header>\n<div class=\"markup -mhm -pvl -oxa -sc\">Le\u00a0<strong>fauteuil<\/strong>\u00a0\u00a0de bureau allie style, confort et fonctionnalit\u00e9. Ce\u00a0<strong>fauteuil<\/strong>\u00a0est con\u00e7u pour \u00e9lever votre exp\u00e9rience de travail ou d&rsquo;\u00e9tude, offrant un design \u00e9l\u00e9gant, des mat\u00e9riaux de haute qualit\u00e9 et un confort ergonomique. Rev\u00eatement en cuir synth\u00e9tique de haute qualit\u00e9 pour un look sophistiqu\u00e9 et luxueux. Son rev\u00eatement est disponible dans une gamme de couleurs pour s&rsquo;adapter parfaitement \u00e0 n&rsquo;importe quel environnement.<br \/>\nLa base de design en aluminium est con\u00e7ue pour supporter un poids maximal de 150 kg, donnant stabilit\u00e9 et r\u00e9sistance \u00e0 la chaise. Gr\u00e2ce \u00e0 sa structure robuste renforc\u00e9e, il permet \u00e0 quiconque de s&rsquo;asseoir avec confiance et confort, sans se soucier de d\u00e9passer les limites de poids<br \/>\nLes repose bras recouverts de cuir synth\u00e9tique offrent un soutien confortable pour les bras, r\u00e9duisant la fatigue pendant les longues sessions de travail. Le dossier haut fournit un soutien optimal pour le dos, r\u00e9duisant la tension et am\u00e9liore la posture. Il est ergonomique con\u00e7u pour s&rsquo;adapter \u00e0 la courbure naturelle de la colonne vert\u00e9brale.<br \/>\nLe\u00a0<strong>si\u00e8ge<\/strong>\u00a0est large et profond, ce qui vous permet de vous asseoir confortablement tout au long de la journ\u00e9e. Cette\u00a0<strong>chaise<\/strong>\u00a0est le choix id\u00e9al pour ceux qui recherchent une chaise qui allie fonctionnalit\u00e9 et esth\u00e9tique, garantissant que votre espace de travail est un endroit o\u00f9 vous vous sentirez \u00e0 l&rsquo;aise tout en affrontant vos activit\u00e9s quotidiennes.<\/div>\n","protected":false},"excerpt":{"rendered":"<h2 class=\"hdr -upp -fs14 -m -pam\">Principales caract\u00e9ristiques<\/h2>\n<div class=\"markup -pam\">\n<ul>\n<li>fauteuil visiteur<\/li>\n<li>Adapt\u00e9 pour studio, bureau<\/li>\n<li>Mat\u00e9riau rembourrage : simili cuir<\/li>\n<li>Couleurs : noir<\/li>\n<li>Structure : m\u00e9tal &#8211;<\/li>\n<li>Dossier haut &#8211;<\/li>\n<li>Repose bras &#8211;<\/li>\n<li>Poids max : 150 kg<\/li>\n<li>Facile \u00e0 monter<\/li>\n<\/ul>\n<\/div>\n","protected":false},"featured_media":28902,"comment_status":"open","ping_status":"closed","template":"","meta":{"_joinchat":[]},"product_brand":[],"product_cat":[20,75],"product_tag":[],"class_list":{"0":"post-28901","1":"product","2":"type-product","3":"status-publish","4":"has-post-thumbnail","6":"product_cat-accessoires","7":"product_cat-maison-bureau","9":"first","10":"instock","11":"sale","12":"shipping-taxable","13":"purchasable","14":"product-type-simple"},"jetpack_sharing_enabled":true,"_links":{"self":[{"href":"https:\/\/rowayad.com\/index.php\/wp-json\/wp\/v2\/product\/28901","targetHints":{"allow":["GET"]}}],"collection":[{"href":"https:\/\/rowayad.com\/index.php\/wp-json\/wp\/v2\/product"}],"about":[{"href":"https:\/\/rowayad.com\/index.php\/wp-json\/wp\/v2\/types\/product"}],"replies":[{"embeddable":true,"href":"https:\/\/rowayad.com\/index.php\/wp-json\/wp\/v2\/comments?post=28901"}],"version-history":[{"count":1,"href":"https:\/\/rowayad.com\/index.php\/wp-json\/wp\/v2\/product\/28901\/revisions"}],"predecessor-version":[{"id":28904,"href":"https:\/\/rowayad.com\/index.php\/wp-json\/wp\/v2\/product\/28901\/revisions\/28904"}],"wp:featuredmedia":[{"embeddable":true,"href":"https:\/\/rowayad.com\/index.php\/wp-json\/wp\/v2\/media\/28902"}],"wp:attachment":[{"href":"https:\/\/rowayad.com\/index.php\/wp-json\/wp\/v2\/media?parent=28901"}],"wp:term":[{"taxonomy":"product_brand","embeddable":true,"href":"https:\/\/rowayad.com\/index.php\/wp-json\/wp\/v2\/product_brand?post=28901"},{"taxonomy":"product_cat","embeddable":true,"href":"https:\/\/rowayad.com\/index.php\/wp-json\/wp\/v2\/product_cat?post=28901"},{"taxonomy":"product_tag","embeddable":true,"href":"https:\/\/rowayad.com\/index.php\/wp-json\/wp\/v2\/product_tag?post=28901"}],"curies":[{"name":"wp","href":"https:\/\/api.w.org\/{rel}","templated":true}]}}