{"id":28905,"date":"2026-03-02T14:04:14","date_gmt":"2026-03-02T14:04:14","guid":{"rendered":"https:\/\/rowayad.com\/?post_type=product&#038;p=28905"},"modified":"2026-03-17T20:09:53","modified_gmt":"2026-03-17T20:09:53","slug":"support-avec-roues-pour-frigo-lave-linge-et-refrigerateur-caoutchouc","status":"publish","type":"product","link":"https:\/\/rowayad.com\/index.php\/produit\/support-avec-roues-pour-frigo-lave-linge-et-refrigerateur-caoutchouc\/","title":{"rendered":"Support avec roues pour Frigo, Lave-linge et R\u00e9frig\u00e9rateur &#8211; caoutchouc"},"content":{"rendered":"<header class=\"-pvs -bb\">\n<h2 class=\"-fs20 -m -phm -pvxs\">D\u00e9tails<\/h2>\n<\/header>\n<div class=\"markup -mhm -pvl -oxa -sc\">\n<p><strong>D\u00e9tails d&rsquo;article:<\/strong><\/p>\n<p>* Base de r\u00e9frig\u00e9rateur r\u00e9glable universelle pour lave-linge Pi\u00e9destal sur\u00e9lev\u00e9<\/p>\n<p>* Remplacement parfait pour l&rsquo;ancien ou endommag\u00e9<\/p>\n<p>* Bonne capacit\u00e9 de charge et forte stabilit\u00e9<\/p>\n<p>* Adopte un panneau respectueux de l&rsquo;environnement de qualit\u00e9 alimentaire, s\u00fbr et non toxique<\/p>\n<p>* Utilise un tuyau en acier renforc\u00e9, durable, muet, antichoc et r\u00e9sistant \u00e0 la corrosion<\/p>\n<p>* Mat\u00e9riau PP rehaussant le pied et rehaussant et \u00e9paississant la conception fixe en spirale, pratique et stable<\/p>\n<p>* Facile \u00e0 assembler et pratique \u00e0 utiliser<\/p>\n<p>* 100% neuf et de haute qualit\u00e9<\/p>\n<\/div>\n","protected":false},"excerpt":{"rendered":"<h2 class=\"hdr -upp -fs14 -m -pam\">Principales caract\u00e9ristiques<\/h2>\n<div class=\"markup -pam\">\n<ul>\n<li>Base de r\u00e9frig\u00e9rateur r\u00e9glable universelle pour lave-linge Pi\u00e9destal sur\u00e9lev\u00e9<\/li>\n<li><\/li>\n<li>* Remplacement parfait pour l&rsquo;ancien ou endommag\u00e9<\/li>\n<li><\/li>\n<li>* Bonne capacit\u00e9 de charge et forte stabilit\u00e9<\/li>\n<li><\/li>\n<li>* Adopte un panneau respectueux de l&rsquo;environnement de qualit\u00e9 alimentaire, s\u00fbr et non toxique<\/li>\n<li><\/li>\n<li>* Utilise un tuyau en acier renforc\u00e9, durable, muet, antichoc et r\u00e9sistant \u00e0 la corrosion<\/li>\n<li><\/li>\n<li>* Mat\u00e9riau PP rehaussant le pied et rehaussant et \u00e9paississant la conception fixe en spirale, pratique et stable<\/li>\n<li><\/li>\n<li>* Facile \u00e0 assembler et pratique \u00e0 utiliser<\/li>\n<li><\/li>\n<li>* 100% neuf et de haute qualit\u00e9<\/li>\n<\/ul>\n<\/div>\n","protected":false},"featured_media":28906,"comment_status":"open","ping_status":"closed","template":"","meta":{"_joinchat":[]},"product_brand":[],"product_cat":[75],"product_tag":[],"class_list":{"0":"post-28905","1":"product","2":"type-product","3":"status-publish","4":"has-post-thumbnail","6":"product_cat-maison-bureau","8":"first","9":"instock","10":"sale","11":"shipping-taxable","12":"purchasable","13":"product-type-simple"},"jetpack_sharing_enabled":true,"_links":{"self":[{"href":"https:\/\/rowayad.com\/index.php\/wp-json\/wp\/v2\/product\/28905","targetHints":{"allow":["GET"]}}],"collection":[{"href":"https:\/\/rowayad.com\/index.php\/wp-json\/wp\/v2\/product"}],"about":[{"href":"https:\/\/rowayad.com\/index.php\/wp-json\/wp\/v2\/types\/product"}],"replies":[{"embeddable":true,"href":"https:\/\/rowayad.com\/index.php\/wp-json\/wp\/v2\/comments?post=28905"}],"version-history":[{"count":1,"href":"https:\/\/rowayad.com\/index.php\/wp-json\/wp\/v2\/product\/28905\/revisions"}],"predecessor-version":[{"id":28911,"href":"https:\/\/rowayad.com\/index.php\/wp-json\/wp\/v2\/product\/28905\/revisions\/28911"}],"wp:featuredmedia":[{"embeddable":true,"href":"https:\/\/rowayad.com\/index.php\/wp-json\/wp\/v2\/media\/28906"}],"wp:attachment":[{"href":"https:\/\/rowayad.com\/index.php\/wp-json\/wp\/v2\/media?parent=28905"}],"wp:term":[{"taxonomy":"product_brand","embeddable":true,"href":"https:\/\/rowayad.com\/index.php\/wp-json\/wp\/v2\/product_brand?post=28905"},{"taxonomy":"product_cat","embeddable":true,"href":"https:\/\/rowayad.com\/index.php\/wp-json\/wp\/v2\/product_cat?post=28905"},{"taxonomy":"product_tag","embeddable":true,"href":"https:\/\/rowayad.com\/index.php\/wp-json\/wp\/v2\/product_tag?post=28905"}],"curies":[{"name":"wp","href":"https:\/\/api.w.org\/{rel}","templated":true}]}}