{"id":28917,"date":"2026-03-03T17:38:50","date_gmt":"2026-03-03T17:38:50","guid":{"rendered":"https:\/\/rowayad.com\/?post_type=product&#038;p=28917"},"modified":"2026-03-18T18:56:44","modified_gmt":"2026-03-18T18:56:44","slug":"punching-ball-reglable-en-hauteur-75-105cm-avec-gants-de-boxe-et-pompe-pour-adultes-et-enfants","status":"publish","type":"product","link":"https:\/\/rowayad.com\/index.php\/produit\/punching-ball-reglable-en-hauteur-75-105cm-avec-gants-de-boxe-et-pompe-pour-adultes-et-enfants\/","title":{"rendered":"Punching Ball R\u00e9glable en Hauteur 75-105cm avec Gants de Boxe et Pompe pour Adultes et Enfants"},"content":{"rendered":"<header class=\"-pvs -bb\">\n<h2 class=\"-fs20 -m -phm -pvxs\">D\u00e9tails<\/h2>\n<\/header>\n<div class=\"markup -mhm -pvl -oxa -sc\">\n<p>Grace \u00e0 la hauteur r\u00e9glable, notre balle de pugilisme verticale convient aux enfants et aux adolescents pour d\u00e9velopper \u00e0 la fois la force physique et la volont\u00e9. Peut am\u00e9liorer sa sant\u00e9 et faire \u00e9voluer sa forme physique \u00e0 diff\u00e9rents niveaux. Et peut \u00e9galement les d\u00e9terminer et avoir un effet positif sur la volont\u00e9 des enfants.<\/p>\n<p>Ce sac de boxe debout peut ajuster la hauteur entre 70-105 cm qui convient \u00e0 la plupart des enfants et m\u00eame aux adolescents. Le ressort est durable et r\u00e9agit rapidement. Il peut rebondir d&rsquo;avant en arri\u00e8re \u00e0 plusieurs reprises avec des performances de s\u00e9curit\u00e9 \u00e9lev\u00e9es et il peut rebondir \u00e0 360 degr\u00e9s.<\/p>\n<\/div>\n","protected":false},"excerpt":{"rendered":"<h2 class=\"hdr -upp -fs14 -m -pam\">Principales caract\u00e9ristiques<\/h2>\n<div class=\"markup -pam\">\n<ul>\n<li>Base de lestage \u00e0 remplir avec de l&rsquo;eau ou du sable<\/li>\n<li>Rev\u00eatement de balle en simili cuir, tr\u00e8s confortable et facile d&rsquo;entretien<\/li>\n<li>Tous les accessoires sont fournis : pompe \u00e0 air, paire de gants, base de lestage<\/li>\n<li>Hauteur ajustable pour diff\u00e9rentes tailles.<\/li>\n<li>D&rsquo;environ 75 cm \u00e0 105 cm<\/li>\n<\/ul>\n<\/div>\n","protected":false},"featured_media":28918,"comment_status":"open","ping_status":"closed","template":"","meta":{"_joinchat":[]},"product_brand":[],"product_cat":[76],"product_tag":[],"class_list":{"0":"post-28917","1":"product","2":"type-product","3":"status-publish","4":"has-post-thumbnail","6":"product_cat-enfant","8":"first","9":"instock","10":"sale","11":"shipping-taxable","12":"purchasable","13":"product-type-simple"},"jetpack_sharing_enabled":true,"_links":{"self":[{"href":"https:\/\/rowayad.com\/index.php\/wp-json\/wp\/v2\/product\/28917","targetHints":{"allow":["GET"]}}],"collection":[{"href":"https:\/\/rowayad.com\/index.php\/wp-json\/wp\/v2\/product"}],"about":[{"href":"https:\/\/rowayad.com\/index.php\/wp-json\/wp\/v2\/types\/product"}],"replies":[{"embeddable":true,"href":"https:\/\/rowayad.com\/index.php\/wp-json\/wp\/v2\/comments?post=28917"}],"version-history":[{"count":1,"href":"https:\/\/rowayad.com\/index.php\/wp-json\/wp\/v2\/product\/28917\/revisions"}],"predecessor-version":[{"id":28921,"href":"https:\/\/rowayad.com\/index.php\/wp-json\/wp\/v2\/product\/28917\/revisions\/28921"}],"wp:featuredmedia":[{"embeddable":true,"href":"https:\/\/rowayad.com\/index.php\/wp-json\/wp\/v2\/media\/28918"}],"wp:attachment":[{"href":"https:\/\/rowayad.com\/index.php\/wp-json\/wp\/v2\/media?parent=28917"}],"wp:term":[{"taxonomy":"product_brand","embeddable":true,"href":"https:\/\/rowayad.com\/index.php\/wp-json\/wp\/v2\/product_brand?post=28917"},{"taxonomy":"product_cat","embeddable":true,"href":"https:\/\/rowayad.com\/index.php\/wp-json\/wp\/v2\/product_cat?post=28917"},{"taxonomy":"product_tag","embeddable":true,"href":"https:\/\/rowayad.com\/index.php\/wp-json\/wp\/v2\/product_tag?post=28917"}],"curies":[{"name":"wp","href":"https:\/\/api.w.org\/{rel}","templated":true}]}}