{"id":28934,"date":"2026-03-03T18:13:59","date_gmt":"2026-03-03T18:13:59","guid":{"rendered":"https:\/\/rowayad.com\/?post_type=product&#038;p=28934"},"modified":"2026-04-10T10:59:53","modified_gmt":"2026-04-10T10:59:53","slug":"generic-etagere-de-rangement-pour-salle-de-bain-3-niveaux","status":"publish","type":"product","link":"https:\/\/rowayad.com\/index.php\/produit\/generic-etagere-de-rangement-pour-salle-de-bain-3-niveaux\/","title":{"rendered":"Generic Etag\u00e8re de rangement pour salle de bain 3 niveaux"},"content":{"rendered":"<header class=\"-pvs -bb\">\n<h2 class=\"-fs20 -m -phm -pvxs\">D\u00e9tails<\/h2>\n<\/header>\n<div class=\"markup -mhm -pvl -oxa -sc\">\n<p>Organisez votre salle de bain en utilisant cette \u00e9tag\u00e8re. Il donnera \u00e0 votre salle de bain un joli look et en plus aucun bagage ne trainera car il est compos\u00e9 de 3 niveaux dont 2 \u00e9tag\u00e8res pouvant <b>contenir<\/b> tous vos\u00a0<b>produits<\/b> et un autre qui vous servira de port de serviette. Tr\u00e8s joli et pratique cette \u00e9tag\u00e8re est facile \u00e0 monter et vous permettra de retrouver tous vos produits en un seul lieu et bien rang\u00e9s.<\/p>\n<p>Surface bien polie, lisse et maniable, facile \u00e0 utiliser.<br \/>\nDesign\u00a0<b>\u00e9l\u00e9gant<\/b>\u00a0et moderne.<\/p>\n<p>Avec ce porte-serviettes mural pratique et robuste, il est tr\u00e8s facile de garder la serviette \u00e0 port\u00e9e de main.<br \/>\nProduit pratique de salle de bains et de toilette, qui permet de lib\u00e9rer parfaitement l&rsquo;espace.<br \/>\nParfait pour accrocher et organiser votre serviette de visage, serviettes de bain et v\u00eatements dans l&rsquo;ordre.<\/p>\n<\/div>\n","protected":false},"excerpt":{"rendered":"<h2 class=\"hdr -upp -fs14 -m -pam\">Principales caract\u00e9ristiques<\/h2>\n<div class=\"markup -pam\">\n<ul>\n<li>Couleur: Argent<\/li>\n<li>Etag\u00e8re 2 niveaux + un port serviette<\/li>\n<li>Mat\u00e9riel: acier inoxydable<\/li>\n<li>1 x porte-serviettes en acier inoxydable<\/li>\n<li>Solide et durable<\/li>\n<\/ul>\n<\/div>\n","protected":false},"featured_media":28935,"comment_status":"open","ping_status":"closed","template":"","meta":{"_joinchat":[]},"product_brand":[],"product_cat":[75],"product_tag":[],"class_list":{"0":"post-28934","1":"product","2":"type-product","3":"status-publish","4":"has-post-thumbnail","6":"product_cat-maison-bureau","8":"first","9":"instock","10":"sale","11":"shipping-taxable","12":"purchasable","13":"product-type-simple"},"jetpack_sharing_enabled":true,"_links":{"self":[{"href":"https:\/\/rowayad.com\/index.php\/wp-json\/wp\/v2\/product\/28934","targetHints":{"allow":["GET"]}}],"collection":[{"href":"https:\/\/rowayad.com\/index.php\/wp-json\/wp\/v2\/product"}],"about":[{"href":"https:\/\/rowayad.com\/index.php\/wp-json\/wp\/v2\/types\/product"}],"replies":[{"embeddable":true,"href":"https:\/\/rowayad.com\/index.php\/wp-json\/wp\/v2\/comments?post=28934"}],"version-history":[{"count":1,"href":"https:\/\/rowayad.com\/index.php\/wp-json\/wp\/v2\/product\/28934\/revisions"}],"predecessor-version":[{"id":28936,"href":"https:\/\/rowayad.com\/index.php\/wp-json\/wp\/v2\/product\/28934\/revisions\/28936"}],"wp:featuredmedia":[{"embeddable":true,"href":"https:\/\/rowayad.com\/index.php\/wp-json\/wp\/v2\/media\/28935"}],"wp:attachment":[{"href":"https:\/\/rowayad.com\/index.php\/wp-json\/wp\/v2\/media?parent=28934"}],"wp:term":[{"taxonomy":"product_brand","embeddable":true,"href":"https:\/\/rowayad.com\/index.php\/wp-json\/wp\/v2\/product_brand?post=28934"},{"taxonomy":"product_cat","embeddable":true,"href":"https:\/\/rowayad.com\/index.php\/wp-json\/wp\/v2\/product_cat?post=28934"},{"taxonomy":"product_tag","embeddable":true,"href":"https:\/\/rowayad.com\/index.php\/wp-json\/wp\/v2\/product_tag?post=28934"}],"curies":[{"name":"wp","href":"https:\/\/api.w.org\/{rel}","templated":true}]}}