{"id":28963,"date":"2026-03-14T12:32:01","date_gmt":"2026-03-14T12:32:01","guid":{"rendered":"https:\/\/rowayad.com\/?post_type=product&#038;p=28963"},"modified":"2026-03-17T20:07:34","modified_gmt":"2026-03-17T20:07:34","slug":"partagez-ce-produit-chaise-de-bureau-ergonomique-gris-60cm60cm97cm","status":"publish","type":"product","link":"https:\/\/rowayad.com\/index.php\/produit\/partagez-ce-produit-chaise-de-bureau-ergonomique-gris-60cm60cm97cm\/","title":{"rendered":"Partagez ce produit    Chaise de Bureau, Ergonomique, Gris, 60cm60cm97cm"},"content":{"rendered":"<p>Le fauteuil de direction ergonomique respecte votre posture. Il est disponible chez nous, et est con\u00e7u pour offrir un confort et un soutien sup\u00e9rieurs pendant de longues heures de travail. Dot\u00e9 d&rsquo;un dossier en maille, ce fauteuil favorise la circulation de l&rsquo;air, vous gardant au frais et \u00e0 l&rsquo;aise tout au long de la journ\u00e9e. La\u00a0<strong>chaise de bureau\u00a0<\/strong>en tissu ajoute une touche de douceur, garantissant une exp\u00e9rience d&rsquo;assise agr\u00e9able.<\/p>\n<p>L&rsquo;une des caract\u00e9ristiques les plus remarquables du fauteuil de direction est ses accoudoirs pliables. Ceux-ci permettent des r\u00e9glages faciles et peuvent \u00eatre repli\u00e9s lorsqu&rsquo;ils ne sont pas n\u00e9cessaires, offrant ainsi une flexibilit\u00e9 dans votre espace de travail. De plus, le fauteuil est dot\u00e9 d&rsquo;un appui-t\u00eate et d&rsquo;une hauteur r\u00e9glables, vous permettant d&rsquo;adapter le fauteuil \u00e0 vos besoins sp\u00e9cifiques pour un soutien ergonomique optimal.<\/p>\n<p>La base en nylon du fauteuil est \u00e9quip\u00e9e de roulettes silencieuses en PU, garantissant un mouvement fluide et silencieux sur diff\u00e9rents types de sols. Cette combinaison de fonctionnalit\u00e9<\/p>\n","protected":false},"excerpt":{"rendered":"<ul>\n<li>Chaise de direction avec dossier en maille : offre un confort respirant et un soutien ergonomique.<\/li>\n<li>Si\u00e8ge en tissu : offre une exp\u00e9rience d&rsquo;assise douce et confortable.<\/li>\n<li>Accoudoir pliable : facilement r\u00e9glable pour un support de bras personnalis\u00e9.<\/li>\n<li>Chaise pivotante<\/li>\n<li>Base en nylon avec roues silencieuses en PU : offre stabilit\u00e9 et mouvement fluide et silencieux.<\/li>\n<\/ul>\n","protected":false},"featured_media":28965,"comment_status":"open","ping_status":"closed","template":"","meta":{"_joinchat":[]},"product_brand":[],"product_cat":[20,75],"product_tag":[],"class_list":{"0":"post-28963","1":"product","2":"type-product","3":"status-publish","4":"has-post-thumbnail","6":"product_cat-accessoires","7":"product_cat-maison-bureau","9":"first","10":"instock","11":"sale","12":"shipping-taxable","13":"purchasable","14":"product-type-simple"},"jetpack_sharing_enabled":true,"_links":{"self":[{"href":"https:\/\/rowayad.com\/index.php\/wp-json\/wp\/v2\/product\/28963","targetHints":{"allow":["GET"]}}],"collection":[{"href":"https:\/\/rowayad.com\/index.php\/wp-json\/wp\/v2\/product"}],"about":[{"href":"https:\/\/rowayad.com\/index.php\/wp-json\/wp\/v2\/types\/product"}],"replies":[{"embeddable":true,"href":"https:\/\/rowayad.com\/index.php\/wp-json\/wp\/v2\/comments?post=28963"}],"version-history":[{"count":1,"href":"https:\/\/rowayad.com\/index.php\/wp-json\/wp\/v2\/product\/28963\/revisions"}],"predecessor-version":[{"id":28966,"href":"https:\/\/rowayad.com\/index.php\/wp-json\/wp\/v2\/product\/28963\/revisions\/28966"}],"wp:featuredmedia":[{"embeddable":true,"href":"https:\/\/rowayad.com\/index.php\/wp-json\/wp\/v2\/media\/28965"}],"wp:attachment":[{"href":"https:\/\/rowayad.com\/index.php\/wp-json\/wp\/v2\/media?parent=28963"}],"wp:term":[{"taxonomy":"product_brand","embeddable":true,"href":"https:\/\/rowayad.com\/index.php\/wp-json\/wp\/v2\/product_brand?post=28963"},{"taxonomy":"product_cat","embeddable":true,"href":"https:\/\/rowayad.com\/index.php\/wp-json\/wp\/v2\/product_cat?post=28963"},{"taxonomy":"product_tag","embeddable":true,"href":"https:\/\/rowayad.com\/index.php\/wp-json\/wp\/v2\/product_tag?post=28963"}],"curies":[{"name":"wp","href":"https:\/\/api.w.org\/{rel}","templated":true}]}}