{"id":29241,"date":"2026-04-16T12:04:30","date_gmt":"2026-04-16T12:04:30","guid":{"rendered":"https:\/\/rowayad.com\/?post_type=product&#038;p=29241"},"modified":"2026-04-16T12:04:30","modified_gmt":"2026-04-16T12:04:30","slug":"standard-moto-electrique-enfants-moto-jouet-grande-moto-jouet-de-3-a-6-ans-2","status":"publish","type":"product","link":"https:\/\/rowayad.com\/index.php\/produit\/standard-moto-electrique-enfants-moto-jouet-grande-moto-jouet-de-3-a-6-ans-2\/","title":{"rendered":"Standard Moto \u00e9lectrique enfants &#8211; Moto Jouet Grande Moto Jouet -de 3 \u00e0 6 ans"},"content":{"rendered":"<p>MOTO POUR ENFANTS S\u00c9CURIT\u00c9 la STABILIT\u00c9 : moto pour enfants afin d&rsquo;aider votre enfant \u00e0 stabiliser la moto, pour apprendre \u00e0 faire de la moto en toute s\u00e9curit\u00e9 ! apprentissage plus s\u00fbr<\/p>\n<p>MOTO \u00c0 POUR ENFANTS ID\u00c9AL POUR LE D\u00c9VELOPPEMENT DE VOTRE ENFANT : moto \u00e0 technologie de derni\u00e8re g\u00e9n\u00e9ration d\u00e9veloppe la capacit\u00e9 d&rsquo;apprentissage de votre enfant aux joies de la conduite en moto en toute s\u00e9curit\u00e9<\/p>\n<p>Beau cadeau id\u00e9al pour des enfants : Inutile \u00e0 dire, Moto \u00e0 Pour ?Enfants avec une \u00e9l\u00e9gante apparence attirera l&rsquo;attention des enfants au premier regard, Elle accompagnera vos enfants et cr\u00e9era de joyeux souvenirs d&rsquo;enfance. Pas besoin de vous soucier \u00e0 propos de la s\u00e9curit\u00e9 puisque la moto est fabriqu\u00e9e de mat\u00e9riaux s\u00e9lectionn\u00e9s.<\/p>\n<p>MOTO \u00c0 POUR ?ENFANTS FACILE ET LISSE : le v\u00e9lo tout-terrain pour enfants avec d\u00e9marrage facile en fait le v\u00e9lo tout-terrain id\u00e9al pour les enfants.<\/p>\n","protected":false},"excerpt":{"rendered":"<h2 class=\"hdr -upp -fs14 -m -pam\">Principales caract\u00e9ristiques<\/h2>\n<div class=\"markup -pam\">\n<ol>\n<li><strong>S\u00e9curit\u00e9 et Stabilit\u00e9 Renforc\u00e9es<\/strong>\u00a0: Sp\u00e9cialement con\u00e7ue pour aider l&rsquo;enfant \u00e0 stabiliser l&rsquo;engin, cette moto permet un apprentissage de la conduite en toute confiance et s\u00e9r\u00e9nit\u00e9.<\/li>\n<li><strong>D\u00e9veloppement de l&rsquo;\u00c9veil<\/strong>\u00a0: Gr\u00e2ce \u00e0 une technologie de derni\u00e8re g\u00e9n\u00e9ration, elle stimule les capacit\u00e9s d&rsquo;apprentissage et fait d\u00e9couvrir les joies de la route de mani\u00e8re ludique.<\/li>\n<li><strong>Cadeau Id\u00e9al et Durable<\/strong>\u00a0: Son apparence \u00e9l\u00e9gante et moderne capte imm\u00e9diatement l&rsquo;attention, tandis que sa fabrication en mat\u00e9riaux s\u00e9lectionn\u00e9s garantit une grande solidit\u00e9.<\/li>\n<li><strong>Conduite Fluide et Intuitive<\/strong>\u00a0: Ce mod\u00e8le \u00ab\u00a0tout-terrain\u00a0\u00bb propose un d\u00e9marrage facile, offrant une exp\u00e9rience de conduite lisse et simplifi\u00e9e pour les d\u00e9butants.<\/li>\n<li><strong>Grande \u00c9volutivit\u00e9 (3 \u00e0 6 ans)<\/strong>\u00a0: Un investissement qui dure dans le temps, puisqu&rsquo;elle accompagne la croissance de votre enfant sur une tr\u00e8s large tranche d&rsquo;\u00e2ge.<\/li>\n<\/ol>\n<\/div>\n","protected":false},"featured_media":29228,"comment_status":"open","ping_status":"closed","template":"","meta":{"_joinchat":[]},"product_brand":[],"product_cat":[20],"product_tag":[],"class_list":{"0":"post-29241","1":"product","2":"type-product","3":"status-publish","4":"has-post-thumbnail","6":"product_cat-accessoires","8":"first","9":"instock","10":"sale","11":"shipping-taxable","12":"purchasable","13":"product-type-simple"},"jetpack_sharing_enabled":true,"_links":{"self":[{"href":"https:\/\/rowayad.com\/index.php\/wp-json\/wp\/v2\/product\/29241","targetHints":{"allow":["GET"]}}],"collection":[{"href":"https:\/\/rowayad.com\/index.php\/wp-json\/wp\/v2\/product"}],"about":[{"href":"https:\/\/rowayad.com\/index.php\/wp-json\/wp\/v2\/types\/product"}],"replies":[{"embeddable":true,"href":"https:\/\/rowayad.com\/index.php\/wp-json\/wp\/v2\/comments?post=29241"}],"version-history":[{"count":1,"href":"https:\/\/rowayad.com\/index.php\/wp-json\/wp\/v2\/product\/29241\/revisions"}],"predecessor-version":[{"id":29242,"href":"https:\/\/rowayad.com\/index.php\/wp-json\/wp\/v2\/product\/29241\/revisions\/29242"}],"wp:featuredmedia":[{"embeddable":true,"href":"https:\/\/rowayad.com\/index.php\/wp-json\/wp\/v2\/media\/29228"}],"wp:attachment":[{"href":"https:\/\/rowayad.com\/index.php\/wp-json\/wp\/v2\/media?parent=29241"}],"wp:term":[{"taxonomy":"product_brand","embeddable":true,"href":"https:\/\/rowayad.com\/index.php\/wp-json\/wp\/v2\/product_brand?post=29241"},{"taxonomy":"product_cat","embeddable":true,"href":"https:\/\/rowayad.com\/index.php\/wp-json\/wp\/v2\/product_cat?post=29241"},{"taxonomy":"product_tag","embeddable":true,"href":"https:\/\/rowayad.com\/index.php\/wp-json\/wp\/v2\/product_tag?post=29241"}],"curies":[{"name":"wp","href":"https:\/\/api.w.org\/{rel}","templated":true}]}}